{"id":4574,"date":"2020-05-26T13:17:35","date_gmt":"2020-05-26T11:17:35","guid":{"rendered":"https:\/\/mugardos.gal\/eventos\/reapertura-del-centro-de-interpretacion-de-caldoval\/"},"modified":"2020-05-28T20:44:32","modified_gmt":"2020-05-28T18:44:32","slug":"reapertura-del-centro-de-interpretacion-de-caldoval","status":"publish","type":"lsvr_event","link":"https:\/\/mugardos.gal\/es\/eventos\/reapertura-del-centro-de-interpretacion-de-caldoval\/","title":{"rendered":"REAPERTURA DEL CENTRO DE INTERPRETACI\u00d3N DE CALDOVAL"},"content":{"rendered":"<p>En el d\u00eda de hoy reabre el Centro de interpretaci\u00f3n de Caldoval. Las instalaciones y la recepci\u00f3n de visitantes fue adaptada para ofrecer un espacio seguro a todos aquellos que deseen acercarse.<\/p>\n<p>Las personas interesadas en conocer el espacio deber\u00e1n ponerse en contacto por tel\u00e9fono 687 072 116, o a trav\u00e9s del correo electr\u00f3nico info@museocaldoval.gal.<\/p>\n","protected":false},"excerpt":{"rendered":"<p>En el d\u00eda de hoy reabre el Centro de interpretaci\u00f3n de Caldoval. Las instalaciones y la recepci\u00f3n de visitantes fue adaptada para ofrecer un espacio seguro a todos aquellos que deseen acercarse. Las personas interesadas en conocer el espacio deber\u00e1n ponerse en contacto por tel\u00e9fono 687 072 116, o a trav\u00e9s del correo electr\u00f3nico info@museocaldoval.gal.<\/p>\n","protected":false},"author":4,"featured_media":4570,"template":"","meta":[],"lsvr_event_cat":[60],"lsvr_event_tag":[],"yoast_head":"<!-- This site is optimized with the Yoast SEO plugin v18.9 - https:\/\/yoast.com\/wordpress\/plugins\/seo\/ -->\n<title>REAPERTURA DEL CENTRO DE INTERPRETACI\u00d3N DE CALDOVAL - Concello de Mugardos<\/title>\n<meta name=\"robots\" content=\"index, follow, max-snippet:-1, max-image-preview:large, max-video-preview:-1\" \/>\n<link rel=\"canonical\" href=\"https:\/\/mugardos.gal\/es\/eventos\/reapertura-del-centro-de-interpretacion-de-caldoval\/\" \/>\n<meta property=\"og:locale\" content=\"es_ES\" \/>\n<meta property=\"og:type\" content=\"article\" \/>\n<meta property=\"og:title\" content=\"REAPERTURA DEL CENTRO DE INTERPRETACI\u00d3N DE CALDOVAL - Concello de Mugardos\" \/>\n<meta property=\"og:description\" content=\"En el d\u00eda de hoy reabre el Centro de interpretaci\u00f3n de Caldoval. Las instalaciones y la recepci\u00f3n de visitantes fue adaptada para ofrecer un espacio seguro a todos aquellos que deseen acercarse. Las personas interesadas en conocer el espacio deber\u00e1n ponerse en contacto por tel\u00e9fono 687 072 116, o a trav\u00e9s del correo electr\u00f3nico info@museocaldoval.gal.\" \/>\n<meta property=\"og:url\" content=\"https:\/\/mugardos.gal\/es\/eventos\/reapertura-del-centro-de-interpretacion-de-caldoval\/\" \/>\n<meta property=\"og:site_name\" content=\"Concello de Mugardos\" \/>\n<meta property=\"article:modified_time\" content=\"2020-05-28T18:44:32+00:00\" \/>\n<meta property=\"og:image\" content=\"https:\/\/mugardos.gal\/wp-content\/uploads\/2020\/05\/Caldoval-xacemento.jpg\" \/>\n\t<meta property=\"og:image:width\" content=\"1280\" \/>\n\t<meta property=\"og:image:height\" content=\"752\" \/>\n\t<meta property=\"og:image:type\" content=\"image\/jpeg\" \/>\n<meta name=\"twitter:card\" content=\"summary_large_image\" \/>\n<script type=\"application\/ld+json\" class=\"yoast-schema-graph\">{\"@context\":\"https:\/\/schema.org\",\"@graph\":[{\"@type\":\"WebSite\",\"@id\":\"https:\/\/mugardos.gal\/#website\",\"url\":\"https:\/\/mugardos.gal\/\",\"name\":\"Concello de Mugardos\",\"description\":\"\",\"potentialAction\":[{\"@type\":\"SearchAction\",\"target\":{\"@type\":\"EntryPoint\",\"urlTemplate\":\"https:\/\/mugardos.gal\/?s={search_term_string}\"},\"query-input\":\"required name=search_term_string\"}],\"inLanguage\":\"es\"},{\"@type\":\"ImageObject\",\"inLanguage\":\"es\",\"@id\":\"https:\/\/mugardos.gal\/es\/eventos\/reapertura-del-centro-de-interpretacion-de-caldoval\/#primaryimage\",\"url\":\"https:\/\/mugardos.gal\/wp-content\/uploads\/2020\/05\/Caldoval-xacemento.jpg\",\"contentUrl\":\"https:\/\/mugardos.gal\/wp-content\/uploads\/2020\/05\/Caldoval-xacemento.jpg\",\"width\":1280,\"height\":752},{\"@type\":\"WebPage\",\"@id\":\"https:\/\/mugardos.gal\/es\/eventos\/reapertura-del-centro-de-interpretacion-de-caldoval\/#webpage\",\"url\":\"https:\/\/mugardos.gal\/es\/eventos\/reapertura-del-centro-de-interpretacion-de-caldoval\/\",\"name\":\"REAPERTURA DEL CENTRO DE INTERPRETACI\u00d3N DE CALDOVAL - Concello de Mugardos\",\"isPartOf\":{\"@id\":\"https:\/\/mugardos.gal\/#website\"},\"primaryImageOfPage\":{\"@id\":\"https:\/\/mugardos.gal\/es\/eventos\/reapertura-del-centro-de-interpretacion-de-caldoval\/#primaryimage\"},\"datePublished\":\"2020-05-26T11:17:35+00:00\",\"dateModified\":\"2020-05-28T18:44:32+00:00\",\"breadcrumb\":{\"@id\":\"https:\/\/mugardos.gal\/es\/eventos\/reapertura-del-centro-de-interpretacion-de-caldoval\/#breadcrumb\"},\"inLanguage\":\"es\",\"potentialAction\":[{\"@type\":\"ReadAction\",\"target\":[\"https:\/\/mugardos.gal\/es\/eventos\/reapertura-del-centro-de-interpretacion-de-caldoval\/\"]}]},{\"@type\":\"BreadcrumbList\",\"@id\":\"https:\/\/mugardos.gal\/es\/eventos\/reapertura-del-centro-de-interpretacion-de-caldoval\/#breadcrumb\",\"itemListElement\":[{\"@type\":\"ListItem\",\"position\":1,\"name\":\"Portada\",\"item\":\"https:\/\/mugardos.gal\/es\/\"},{\"@type\":\"ListItem\",\"position\":2,\"name\":\"EVENTOS\",\"item\":\"https:\/\/mugardos.gal\/eventos\/\"},{\"@type\":\"ListItem\",\"position\":3,\"name\":\"REAPERTURA DEL CENTRO DE INTERPRETACI\u00d3N DE CALDOVAL\"}]}]}<\/script>\n<!-- \/ Yoast SEO plugin. -->","yoast_head_json":{"title":"REAPERTURA DEL CENTRO DE INTERPRETACI\u00d3N DE CALDOVAL - Concello de Mugardos","robots":{"index":"index","follow":"follow","max-snippet":"max-snippet:-1","max-image-preview":"max-image-preview:large","max-video-preview":"max-video-preview:-1"},"canonical":"https:\/\/mugardos.gal\/es\/eventos\/reapertura-del-centro-de-interpretacion-de-caldoval\/","og_locale":"es_ES","og_type":"article","og_title":"REAPERTURA DEL CENTRO DE INTERPRETACI\u00d3N DE CALDOVAL - Concello de Mugardos","og_description":"En el d\u00eda de hoy reabre el Centro de interpretaci\u00f3n de Caldoval. Las instalaciones y la recepci\u00f3n de visitantes fue adaptada para ofrecer un espacio seguro a todos aquellos que deseen acercarse. Las personas interesadas en conocer el espacio deber\u00e1n ponerse en contacto por tel\u00e9fono 687 072 116, o a trav\u00e9s del correo electr\u00f3nico info@museocaldoval.gal.","og_url":"https:\/\/mugardos.gal\/es\/eventos\/reapertura-del-centro-de-interpretacion-de-caldoval\/","og_site_name":"Concello de Mugardos","article_modified_time":"2020-05-28T18:44:32+00:00","og_image":[{"width":1280,"height":752,"url":"https:\/\/mugardos.gal\/wp-content\/uploads\/2020\/05\/Caldoval-xacemento.jpg","type":"image\/jpeg"}],"twitter_card":"summary_large_image","schema":{"@context":"https:\/\/schema.org","@graph":[{"@type":"WebSite","@id":"https:\/\/mugardos.gal\/#website","url":"https:\/\/mugardos.gal\/","name":"Concello de Mugardos","description":"","potentialAction":[{"@type":"SearchAction","target":{"@type":"EntryPoint","urlTemplate":"https:\/\/mugardos.gal\/?s={search_term_string}"},"query-input":"required name=search_term_string"}],"inLanguage":"es"},{"@type":"ImageObject","inLanguage":"es","@id":"https:\/\/mugardos.gal\/es\/eventos\/reapertura-del-centro-de-interpretacion-de-caldoval\/#primaryimage","url":"https:\/\/mugardos.gal\/wp-content\/uploads\/2020\/05\/Caldoval-xacemento.jpg","contentUrl":"https:\/\/mugardos.gal\/wp-content\/uploads\/2020\/05\/Caldoval-xacemento.jpg","width":1280,"height":752},{"@type":"WebPage","@id":"https:\/\/mugardos.gal\/es\/eventos\/reapertura-del-centro-de-interpretacion-de-caldoval\/#webpage","url":"https:\/\/mugardos.gal\/es\/eventos\/reapertura-del-centro-de-interpretacion-de-caldoval\/","name":"REAPERTURA DEL CENTRO DE INTERPRETACI\u00d3N DE CALDOVAL - Concello de Mugardos","isPartOf":{"@id":"https:\/\/mugardos.gal\/#website"},"primaryImageOfPage":{"@id":"https:\/\/mugardos.gal\/es\/eventos\/reapertura-del-centro-de-interpretacion-de-caldoval\/#primaryimage"},"datePublished":"2020-05-26T11:17:35+00:00","dateModified":"2020-05-28T18:44:32+00:00","breadcrumb":{"@id":"https:\/\/mugardos.gal\/es\/eventos\/reapertura-del-centro-de-interpretacion-de-caldoval\/#breadcrumb"},"inLanguage":"es","potentialAction":[{"@type":"ReadAction","target":["https:\/\/mugardos.gal\/es\/eventos\/reapertura-del-centro-de-interpretacion-de-caldoval\/"]}]},{"@type":"BreadcrumbList","@id":"https:\/\/mugardos.gal\/es\/eventos\/reapertura-del-centro-de-interpretacion-de-caldoval\/#breadcrumb","itemListElement":[{"@type":"ListItem","position":1,"name":"Portada","item":"https:\/\/mugardos.gal\/es\/"},{"@type":"ListItem","position":2,"name":"EVENTOS","item":"https:\/\/mugardos.gal\/eventos\/"},{"@type":"ListItem","position":3,"name":"REAPERTURA DEL CENTRO DE INTERPRETACI\u00d3N DE CALDOVAL"}]}]}},"_links":{"self":[{"href":"https:\/\/mugardos.gal\/es\/wp-json\/wp\/v2\/lsvr_event\/4574"}],"collection":[{"href":"https:\/\/mugardos.gal\/es\/wp-json\/wp\/v2\/lsvr_event"}],"about":[{"href":"https:\/\/mugardos.gal\/es\/wp-json\/wp\/v2\/types\/lsvr_event"}],"author":[{"embeddable":true,"href":"https:\/\/mugardos.gal\/es\/wp-json\/wp\/v2\/users\/4"}],"version-history":[{"count":0,"href":"https:\/\/mugardos.gal\/es\/wp-json\/wp\/v2\/lsvr_event\/4574\/revisions"}],"wp:featuredmedia":[{"embeddable":true,"href":"https:\/\/mugardos.gal\/es\/wp-json\/wp\/v2\/media\/4570"}],"wp:attachment":[{"href":"https:\/\/mugardos.gal\/es\/wp-json\/wp\/v2\/media?parent=4574"}],"wp:term":[{"taxonomy":"lsvr_event_cat","embeddable":true,"href":"https:\/\/mugardos.gal\/es\/wp-json\/wp\/v2\/lsvr_event_cat?post=4574"},{"taxonomy":"lsvr_event_tag","embeddable":true,"href":"https:\/\/mugardos.gal\/es\/wp-json\/wp\/v2\/lsvr_event_tag?post=4574"}],"curies":[{"name":"wp","href":"https:\/\/api.w.org\/{rel}","templated":true}]}}

REAPERTURA DEL CENTRO DE INTERPRETACIÓN DE CALDOVAL

<p>En el día de hoy reabre el Centro de interpretación de Caldoval. Las instalaciones y la recepción de visitantes fue adaptada para ofrecer un espacio seguro a todos aquellos que deseen acercarse.</p>
<p>Las personas interesadas en conocer el espacio deberán ponerse en contacto por teléfono 687 072 116, o a través del correo electrónico info@museocaldoval.gal.</p>

<p>En el día de hoy reabre el Centro de interpretación de Caldoval. Las instalaciones y la recepción de visitantes fue adaptada para ofrecer un espacio seguro a todos aquellos que deseen acercarse. Las personas interesadas en conocer el espacio deberán ponerse en contacto por teléfono 687 072 116, o a través del correo electrónico info@museocaldoval.gal.</p>

<!-- This site is optimized with the Yoast SEO plugin v18.9 - https://yoast.com/wordpress/plugins/seo/ -->
<title>REAPERTURA DEL CENTRO DE INTERPRETACIÓN DE CALDOVAL - Concello de Mugardos</title>
<meta name="robots" content="index, follow, max-snippet:-1, max-image-preview:large, max-video-preview:-1" />
<link rel="canonical" href="https://mugardos.gal/es/eventos/reapertura-del-centro-de-interpretacion-de-caldoval/" />
<meta property="og:locale" content="es_ES" />
<meta property="og:type" content="article" />
<meta property="og:title" content="REAPERTURA DEL CENTRO DE INTERPRETACIÓN DE CALDOVAL - Concello de Mugardos" />
<meta property="og:description" content="En el día de hoy reabre el Centro de interpretación de Caldoval. Las instalaciones y la recepción de visitantes fue adaptada para ofrecer un espacio seguro a todos aquellos que deseen acercarse. Las personas interesadas en conocer el espacio deberán ponerse en contacto por teléfono 687 072 116, o a través del correo electrónico info@museocaldoval.gal." />
<meta property="og:url" content="https://mugardos.gal/es/eventos/reapertura-del-centro-de-interpretacion-de-caldoval/" />
<meta property="og:site_name" content="Concello de Mugardos" />
<meta property="article:modified_time" content="2020-05-28T18:44:32+00:00" />
<meta property="og:image" content="https://mugardos.gal/wp-content/uploads/2020/05/Caldoval-xacemento.jpg" />
	<meta property="og:image:width" content="1280" />
	<meta property="og:image:height" content="752" />
	<meta property="og:image:type" content="image/jpeg" />
<meta name="twitter:card" content="summary_large_image" />
<script type="application/ld+json" class="yoast-schema-graph">{"@context":"https://schema.org","@graph":[{"@type":"WebSite","@id":"https://mugardos.gal/#website","url":"https://mugardos.gal/","name":"Concello de Mugardos","description":"","potentialAction":[{"@type":"SearchAction","target":{"@type":"EntryPoint","urlTemplate":"https://mugardos.gal/?s={search_term_string}"},"query-input":"required name=search_term_string"}],"inLanguage":"es"},{"@type":"ImageObject","inLanguage":"es","@id":"https://mugardos.gal/es/eventos/reapertura-del-centro-de-interpretacion-de-caldoval/#primaryimage","url":"https://mugardos.gal/wp-content/uploads/2020/05/Caldoval-xacemento.jpg","contentUrl":"https://mugardos.gal/wp-content/uploads/2020/05/Caldoval-xacemento.jpg","width":1280,"height":752},{"@type":"WebPage","@id":"https://mugardos.gal/es/eventos/reapertura-del-centro-de-interpretacion-de-caldoval/#webpage","url":"https://mugardos.gal/es/eventos/reapertura-del-centro-de-interpretacion-de-caldoval/","name":"REAPERTURA DEL CENTRO DE INTERPRETACIÓN DE CALDOVAL - Concello de Mugardos","isPartOf":{"@id":"https://mugardos.gal/#website"},"primaryImageOfPage":{"@id":"https://mugardos.gal/es/eventos/reapertura-del-centro-de-interpretacion-de-caldoval/#primaryimage"},"datePublished":"2020-05-26T11:17:35+00:00","dateModified":"2020-05-28T18:44:32+00:00","breadcrumb":{"@id":"https://mugardos.gal/es/eventos/reapertura-del-centro-de-interpretacion-de-caldoval/#breadcrumb"},"inLanguage":"es","potentialAction":[{"@type":"ReadAction","target":["https://mugardos.gal/es/eventos/reapertura-del-centro-de-interpretacion-de-caldoval/"]}]},{"@type":"BreadcrumbList","@id":"https://mugardos.gal/es/eventos/reapertura-del-centro-de-interpretacion-de-caldoval/#breadcrumb","itemListElement":[{"@type":"ListItem","position":1,"name":"Portada","item":"https://mugardos.gal/es/"},{"@type":"ListItem","position":2,"name":"EVENTOS","item":"https://mugardos.gal/eventos/"},{"@type":"ListItem","position":3,"name":"REAPERTURA DEL CENTRO DE INTERPRETACIÓN DE CALDOVAL"}]}]}</script>
<!-- / Yoast SEO plugin. -->

REAPERTURA DEL CENTRO DE INTERPRETACIÓN DE CALDOVAL - Concello de Mugardos

En el día de hoy reabre el Centro de interpretación de Caldoval. Las instalaciones y la recepción de visitantes fue adaptada para ofrecer un espacio seguro a todos aquellos que deseen acercarse. Las personas interesadas en conocer el espacio deberán ponerse en contacto por teléfono 687 072 116, o a través del correo electrónico info@museocaldoval.gal.
