{"id":26758,"date":"2026-09-04T14:16:06","date_gmt":"2026-09-04T12:16:06","guid":{"rendered":"https:\/\/mugardos.gal\/eventos\/curso-de-introduccion-a-la-lengua-y-a-la-cultura-gallegas\/"},"modified":"2026-09-04T14:51:53","modified_gmt":"2026-09-04T12:51:53","slug":"curso-de-introduccion-a-la-lengua-y-a-la-cultura-gallegas","status":"publish","type":"lsvr_event","link":"https:\/\/mugardos.gal\/es\/eventos\/curso-de-introduccion-a-la-lengua-y-a-la-cultura-gallegas\/","title":{"rendered":"CURSO DE INTRODUCCI\u00d3N A LA LENGUA Y A LA CULTURA GALLEGAS"},"content":{"rendered":"\n<p>Curso dirigido a mayores de 16 a\u00f1os de edad. Se desarrollar\u00e1 del 7 al 28 de octubre, en horario de 10:00 a 13:00 horas. <\/p>\n\n<p><\/p>\n","protected":false},"excerpt":{"rendered":"<p>Curso dirigido a mayores de 16 a\u00f1os de edad. Se desarrollar\u00e1 del 7 al 28 de octubre, en horario de 10:00 a 13:00 horas.<\/p>\n","protected":false},"author":5,"featured_media":26756,"template":"","meta":[],"lsvr_event_cat":[60],"lsvr_event_tag":[],"yoast_head":"<!-- This site is optimized with the Yoast SEO plugin v18.9 - https:\/\/yoast.com\/wordpress\/plugins\/seo\/ -->\n<title>CURSO DE INTRODUCCI\u00d3N A LA LENGUA Y A LA CULTURA GALLEGAS - Concello de Mugardos<\/title>\n<meta name=\"robots\" content=\"index, follow, max-snippet:-1, max-image-preview:large, max-video-preview:-1\" \/>\n<link rel=\"canonical\" href=\"https:\/\/mugardos.gal\/es\/eventos\/curso-de-introduccion-a-la-lengua-y-a-la-cultura-gallegas\/\" \/>\n<meta property=\"og:locale\" content=\"es_ES\" \/>\n<meta property=\"og:type\" content=\"article\" \/>\n<meta property=\"og:title\" content=\"CURSO DE INTRODUCCI\u00d3N A LA LENGUA Y A LA CULTURA GALLEGAS - Concello de Mugardos\" \/>\n<meta property=\"og:description\" content=\"Curso dirigido a mayores de 16 a\u00f1os de edad. Se desarrollar\u00e1 del 7 al 28 de octubre, en horario de 10:00 a 13:00 horas.\" \/>\n<meta property=\"og:url\" content=\"https:\/\/mugardos.gal\/es\/eventos\/curso-de-introduccion-a-la-lengua-y-a-la-cultura-gallegas\/\" \/>\n<meta property=\"og:site_name\" content=\"Concello de Mugardos\" \/>\n<meta property=\"article:modified_time\" content=\"2026-09-04T12:51:53+00:00\" \/>\n<meta property=\"og:image\" content=\"https:\/\/mugardos.gal\/wp-content\/uploads\/2026\/09\/785215800_2136215247317304_725591490544559454_n.jpg\" \/>\n\t<meta property=\"og:image:width\" content=\"1080\" \/>\n\t<meta property=\"og:image:height\" content=\"1528\" \/>\n\t<meta property=\"og:image:type\" content=\"image\/jpeg\" \/>\n<meta name=\"twitter:card\" content=\"summary_large_image\" \/>\n<script type=\"application\/ld+json\" class=\"yoast-schema-graph\">{\"@context\":\"https:\/\/schema.org\",\"@graph\":[{\"@type\":\"WebSite\",\"@id\":\"https:\/\/mugardos.gal\/#website\",\"url\":\"https:\/\/mugardos.gal\/\",\"name\":\"Concello de Mugardos\",\"description\":\"\",\"potentialAction\":[{\"@type\":\"SearchAction\",\"target\":{\"@type\":\"EntryPoint\",\"urlTemplate\":\"https:\/\/mugardos.gal\/?s={search_term_string}\"},\"query-input\":\"required name=search_term_string\"}],\"inLanguage\":\"es\"},{\"@type\":\"ImageObject\",\"inLanguage\":\"es\",\"@id\":\"https:\/\/mugardos.gal\/es\/eventos\/curso-de-introduccion-a-la-lengua-y-a-la-cultura-gallegas\/#primaryimage\",\"url\":\"https:\/\/mugardos.gal\/wp-content\/uploads\/2026\/09\/785215800_2136215247317304_725591490544559454_n.jpg\",\"contentUrl\":\"https:\/\/mugardos.gal\/wp-content\/uploads\/2026\/09\/785215800_2136215247317304_725591490544559454_n.jpg\",\"width\":1080,\"height\":1528},{\"@type\":\"WebPage\",\"@id\":\"https:\/\/mugardos.gal\/es\/eventos\/curso-de-introduccion-a-la-lengua-y-a-la-cultura-gallegas\/#webpage\",\"url\":\"https:\/\/mugardos.gal\/es\/eventos\/curso-de-introduccion-a-la-lengua-y-a-la-cultura-gallegas\/\",\"name\":\"CURSO DE INTRODUCCI\u00d3N A LA LENGUA Y A LA CULTURA GALLEGAS - Concello de Mugardos\",\"isPartOf\":{\"@id\":\"https:\/\/mugardos.gal\/#website\"},\"primaryImageOfPage\":{\"@id\":\"https:\/\/mugardos.gal\/es\/eventos\/curso-de-introduccion-a-la-lengua-y-a-la-cultura-gallegas\/#primaryimage\"},\"datePublished\":\"2026-09-04T12:16:06+00:00\",\"dateModified\":\"2026-09-04T12:51:53+00:00\",\"breadcrumb\":{\"@id\":\"https:\/\/mugardos.gal\/es\/eventos\/curso-de-introduccion-a-la-lengua-y-a-la-cultura-gallegas\/#breadcrumb\"},\"inLanguage\":\"es\",\"potentialAction\":[{\"@type\":\"ReadAction\",\"target\":[\"https:\/\/mugardos.gal\/es\/eventos\/curso-de-introduccion-a-la-lengua-y-a-la-cultura-gallegas\/\"]}]},{\"@type\":\"BreadcrumbList\",\"@id\":\"https:\/\/mugardos.gal\/es\/eventos\/curso-de-introduccion-a-la-lengua-y-a-la-cultura-gallegas\/#breadcrumb\",\"itemListElement\":[{\"@type\":\"ListItem\",\"position\":1,\"name\":\"Portada\",\"item\":\"https:\/\/mugardos.gal\/es\/\"},{\"@type\":\"ListItem\",\"position\":2,\"name\":\"EVENTOS\",\"item\":\"https:\/\/mugardos.gal\/eventos\/\"},{\"@type\":\"ListItem\",\"position\":3,\"name\":\"CURSO DE INTRODUCCI\u00d3N A LA LENGUA Y A LA CULTURA GALLEGAS\"}]}]}<\/script>\n<!-- \/ Yoast SEO plugin. -->","yoast_head_json":{"title":"CURSO DE INTRODUCCI\u00d3N A LA LENGUA Y A LA CULTURA GALLEGAS - Concello de Mugardos","robots":{"index":"index","follow":"follow","max-snippet":"max-snippet:-1","max-image-preview":"max-image-preview:large","max-video-preview":"max-video-preview:-1"},"canonical":"https:\/\/mugardos.gal\/es\/eventos\/curso-de-introduccion-a-la-lengua-y-a-la-cultura-gallegas\/","og_locale":"es_ES","og_type":"article","og_title":"CURSO DE INTRODUCCI\u00d3N A LA LENGUA Y A LA CULTURA GALLEGAS - Concello de Mugardos","og_description":"Curso dirigido a mayores de 16 a\u00f1os de edad. Se desarrollar\u00e1 del 7 al 28 de octubre, en horario de 10:00 a 13:00 horas.","og_url":"https:\/\/mugardos.gal\/es\/eventos\/curso-de-introduccion-a-la-lengua-y-a-la-cultura-gallegas\/","og_site_name":"Concello de Mugardos","article_modified_time":"2026-09-04T12:51:53+00:00","og_image":[{"width":1080,"height":1528,"url":"https:\/\/mugardos.gal\/wp-content\/uploads\/2026\/09\/785215800_2136215247317304_725591490544559454_n.jpg","type":"image\/jpeg"}],"twitter_card":"summary_large_image","schema":{"@context":"https:\/\/schema.org","@graph":[{"@type":"WebSite","@id":"https:\/\/mugardos.gal\/#website","url":"https:\/\/mugardos.gal\/","name":"Concello de Mugardos","description":"","potentialAction":[{"@type":"SearchAction","target":{"@type":"EntryPoint","urlTemplate":"https:\/\/mugardos.gal\/?s={search_term_string}"},"query-input":"required name=search_term_string"}],"inLanguage":"es"},{"@type":"ImageObject","inLanguage":"es","@id":"https:\/\/mugardos.gal\/es\/eventos\/curso-de-introduccion-a-la-lengua-y-a-la-cultura-gallegas\/#primaryimage","url":"https:\/\/mugardos.gal\/wp-content\/uploads\/2026\/09\/785215800_2136215247317304_725591490544559454_n.jpg","contentUrl":"https:\/\/mugardos.gal\/wp-content\/uploads\/2026\/09\/785215800_2136215247317304_725591490544559454_n.jpg","width":1080,"height":1528},{"@type":"WebPage","@id":"https:\/\/mugardos.gal\/es\/eventos\/curso-de-introduccion-a-la-lengua-y-a-la-cultura-gallegas\/#webpage","url":"https:\/\/mugardos.gal\/es\/eventos\/curso-de-introduccion-a-la-lengua-y-a-la-cultura-gallegas\/","name":"CURSO DE INTRODUCCI\u00d3N A LA LENGUA Y A LA CULTURA GALLEGAS - Concello de Mugardos","isPartOf":{"@id":"https:\/\/mugardos.gal\/#website"},"primaryImageOfPage":{"@id":"https:\/\/mugardos.gal\/es\/eventos\/curso-de-introduccion-a-la-lengua-y-a-la-cultura-gallegas\/#primaryimage"},"datePublished":"2026-09-04T12:16:06+00:00","dateModified":"2026-09-04T12:51:53+00:00","breadcrumb":{"@id":"https:\/\/mugardos.gal\/es\/eventos\/curso-de-introduccion-a-la-lengua-y-a-la-cultura-gallegas\/#breadcrumb"},"inLanguage":"es","potentialAction":[{"@type":"ReadAction","target":["https:\/\/mugardos.gal\/es\/eventos\/curso-de-introduccion-a-la-lengua-y-a-la-cultura-gallegas\/"]}]},{"@type":"BreadcrumbList","@id":"https:\/\/mugardos.gal\/es\/eventos\/curso-de-introduccion-a-la-lengua-y-a-la-cultura-gallegas\/#breadcrumb","itemListElement":[{"@type":"ListItem","position":1,"name":"Portada","item":"https:\/\/mugardos.gal\/es\/"},{"@type":"ListItem","position":2,"name":"EVENTOS","item":"https:\/\/mugardos.gal\/eventos\/"},{"@type":"ListItem","position":3,"name":"CURSO DE INTRODUCCI\u00d3N A LA LENGUA Y A LA CULTURA GALLEGAS"}]}]}},"_links":{"self":[{"href":"https:\/\/mugardos.gal\/es\/wp-json\/wp\/v2\/lsvr_event\/26758"}],"collection":[{"href":"https:\/\/mugardos.gal\/es\/wp-json\/wp\/v2\/lsvr_event"}],"about":[{"href":"https:\/\/mugardos.gal\/es\/wp-json\/wp\/v2\/types\/lsvr_event"}],"author":[{"embeddable":true,"href":"https:\/\/mugardos.gal\/es\/wp-json\/wp\/v2\/users\/5"}],"version-history":[{"count":3,"href":"https:\/\/mugardos.gal\/es\/wp-json\/wp\/v2\/lsvr_event\/26758\/revisions"}],"predecessor-version":[{"id":26761,"href":"https:\/\/mugardos.gal\/es\/wp-json\/wp\/v2\/lsvr_event\/26758\/revisions\/26761"}],"wp:featuredmedia":[{"embeddable":true,"href":"https:\/\/mugardos.gal\/es\/wp-json\/wp\/v2\/media\/26756"}],"wp:attachment":[{"href":"https:\/\/mugardos.gal\/es\/wp-json\/wp\/v2\/media?parent=26758"}],"wp:term":[{"taxonomy":"lsvr_event_cat","embeddable":true,"href":"https:\/\/mugardos.gal\/es\/wp-json\/wp\/v2\/lsvr_event_cat?post=26758"},{"taxonomy":"lsvr_event_tag","embeddable":true,"href":"https:\/\/mugardos.gal\/es\/wp-json\/wp\/v2\/lsvr_event_tag?post=26758"}],"curies":[{"name":"wp","href":"https:\/\/api.w.org\/{rel}","templated":true}]}}

CURSO DE INTRODUCCIÓN A LA LENGUA Y A LA CULTURA GALLEGAS

<p>Curso dirigido a mayores de 16 años de edad. Se desarrollará del 7 al 28 de octubre, en horario de 10:00 a 13:00 horas. </p>

<p></p>

<p>Curso dirigido a mayores de 16 años de edad. Se desarrollará del 7 al 28 de octubre, en horario de 10:00 a 13:00 horas.</p>

<!-- This site is optimized with the Yoast SEO plugin v18.9 - https://yoast.com/wordpress/plugins/seo/ -->
<title>CURSO DE INTRODUCCIÓN A LA LENGUA Y A LA CULTURA GALLEGAS - Concello de Mugardos</title>
<meta name="robots" content="index, follow, max-snippet:-1, max-image-preview:large, max-video-preview:-1" />
<link rel="canonical" href="https://mugardos.gal/es/eventos/curso-de-introduccion-a-la-lengua-y-a-la-cultura-gallegas/" />
<meta property="og:locale" content="es_ES" />
<meta property="og:type" content="article" />
<meta property="og:title" content="CURSO DE INTRODUCCIÓN A LA LENGUA Y A LA CULTURA GALLEGAS - Concello de Mugardos" />
<meta property="og:description" content="Curso dirigido a mayores de 16 años de edad. Se desarrollará del 7 al 28 de octubre, en horario de 10:00 a 13:00 horas." />
<meta property="og:url" content="https://mugardos.gal/es/eventos/curso-de-introduccion-a-la-lengua-y-a-la-cultura-gallegas/" />
<meta property="og:site_name" content="Concello de Mugardos" />
<meta property="article:modified_time" content="2026-09-04T12:51:53+00:00" />
<meta property="og:image" content="https://mugardos.gal/wp-content/uploads/2026/09/785215800_2136215247317304_725591490544559454_n.jpg" />
	<meta property="og:image:width" content="1080" />
	<meta property="og:image:height" content="1528" />
	<meta property="og:image:type" content="image/jpeg" />
<meta name="twitter:card" content="summary_large_image" />
<script type="application/ld+json" class="yoast-schema-graph">{"@context":"https://schema.org","@graph":[{"@type":"WebSite","@id":"https://mugardos.gal/#website","url":"https://mugardos.gal/","name":"Concello de Mugardos","description":"","potentialAction":[{"@type":"SearchAction","target":{"@type":"EntryPoint","urlTemplate":"https://mugardos.gal/?s={search_term_string}"},"query-input":"required name=search_term_string"}],"inLanguage":"es"},{"@type":"ImageObject","inLanguage":"es","@id":"https://mugardos.gal/es/eventos/curso-de-introduccion-a-la-lengua-y-a-la-cultura-gallegas/#primaryimage","url":"https://mugardos.gal/wp-content/uploads/2026/09/785215800_2136215247317304_725591490544559454_n.jpg","contentUrl":"https://mugardos.gal/wp-content/uploads/2026/09/785215800_2136215247317304_725591490544559454_n.jpg","width":1080,"height":1528},{"@type":"WebPage","@id":"https://mugardos.gal/es/eventos/curso-de-introduccion-a-la-lengua-y-a-la-cultura-gallegas/#webpage","url":"https://mugardos.gal/es/eventos/curso-de-introduccion-a-la-lengua-y-a-la-cultura-gallegas/","name":"CURSO DE INTRODUCCIÓN A LA LENGUA Y A LA CULTURA GALLEGAS - Concello de Mugardos","isPartOf":{"@id":"https://mugardos.gal/#website"},"primaryImageOfPage":{"@id":"https://mugardos.gal/es/eventos/curso-de-introduccion-a-la-lengua-y-a-la-cultura-gallegas/#primaryimage"},"datePublished":"2026-09-04T12:16:06+00:00","dateModified":"2026-09-04T12:51:53+00:00","breadcrumb":{"@id":"https://mugardos.gal/es/eventos/curso-de-introduccion-a-la-lengua-y-a-la-cultura-gallegas/#breadcrumb"},"inLanguage":"es","potentialAction":[{"@type":"ReadAction","target":["https://mugardos.gal/es/eventos/curso-de-introduccion-a-la-lengua-y-a-la-cultura-gallegas/"]}]},{"@type":"BreadcrumbList","@id":"https://mugardos.gal/es/eventos/curso-de-introduccion-a-la-lengua-y-a-la-cultura-gallegas/#breadcrumb","itemListElement":[{"@type":"ListItem","position":1,"name":"Portada","item":"https://mugardos.gal/es/"},{"@type":"ListItem","position":2,"name":"EVENTOS","item":"https://mugardos.gal/eventos/"},{"@type":"ListItem","position":3,"name":"CURSO DE INTRODUCCIÓN A LA LENGUA Y A LA CULTURA GALLEGAS"}]}]}</script>
<!-- / Yoast SEO plugin. -->

CURSO DE INTRODUCCIÓN A LA LENGUA Y A LA CULTURA GALLEGAS - Concello de Mugardos

Curso dirigido a mayores de 16 años de edad. Se desarrollará del 7 al 28 de octubre, en horario de 10:00 a 13:00 horas.
