{"id":22283,"date":"2024-11-13T14:45:30","date_gmt":"2024-11-13T12:45:30","guid":{"rendered":"https:\/\/mugardos.gal\/eventos\/conciertos-de-musica-coral\/"},"modified":"2024-11-13T14:45:30","modified_gmt":"2024-11-13T12:45:30","slug":"conciertos-de-musica-coral","status":"publish","type":"lsvr_event","link":"https:\/\/mugardos.gal\/es\/eventos\/conciertos-de-musica-coral\/","title":{"rendered":"CONCIERTOS DE M\u00daSICA CORAL"},"content":{"rendered":"\n<p>ACTUACI\u00d3N DE LA CORAL ESTELAS DO MAR (MUGARDOS) Y DE LA RONDALLA ESTRELECER (FENE) EN LA SRCD SAN XO\u00c1N DE PI\u00d1EIRO, EL S\u00c1BADO 16 DE NOVIEMBRO A PARTIR DE LAS 19.00 HORAS, CON ENTRADA LIBRE. <\/p>\n","protected":false},"excerpt":{"rendered":"<p>ACTUACI\u00d3N DE LA CORAL ESTELAS DO MAR (MUGARDOS) Y DE LA RONDALLA ESTRELECER (FENE) EN LA SRCD SAN XO\u00c1N DE PI\u00d1EIRO, EL S\u00c1BADO 16 DE NOVIEMBRO A PARTIR DE LAS 19.00 HORAS, CON ENTRADA LIBRE.<\/p>\n","protected":false},"author":5,"featured_media":22281,"template":"","meta":[],"lsvr_event_cat":[60],"lsvr_event_tag":[],"yoast_head":"<!-- This site is optimized with the Yoast SEO plugin v18.9 - https:\/\/yoast.com\/wordpress\/plugins\/seo\/ -->\n<title>CONCIERTOS DE M\u00daSICA CORAL - Concello de Mugardos<\/title>\n<meta name=\"robots\" content=\"index, follow, max-snippet:-1, max-image-preview:large, max-video-preview:-1\" \/>\n<link rel=\"canonical\" href=\"https:\/\/mugardos.gal\/es\/eventos\/conciertos-de-musica-coral\/\" \/>\n<meta property=\"og:locale\" content=\"es_ES\" \/>\n<meta property=\"og:type\" content=\"article\" \/>\n<meta property=\"og:title\" content=\"CONCIERTOS DE M\u00daSICA CORAL - Concello de Mugardos\" \/>\n<meta property=\"og:description\" content=\"ACTUACI\u00d3N DE LA CORAL ESTELAS DO MAR (MUGARDOS) Y DE LA RONDALLA ESTRELECER (FENE) EN LA SRCD SAN XO\u00c1N DE PI\u00d1EIRO, EL S\u00c1BADO 16 DE NOVIEMBRO A PARTIR DE LAS 19.00 HORAS, CON ENTRADA LIBRE.\" \/>\n<meta property=\"og:url\" content=\"https:\/\/mugardos.gal\/es\/eventos\/conciertos-de-musica-coral\/\" \/>\n<meta property=\"og:site_name\" content=\"Concello de Mugardos\" \/>\n<meta property=\"og:image\" content=\"https:\/\/mugardos.gal\/wp-content\/uploads\/2024\/11\/Corales-scaled.jpg\" \/>\n\t<meta property=\"og:image:width\" content=\"2560\" \/>\n\t<meta property=\"og:image:height\" content=\"2560\" \/>\n\t<meta property=\"og:image:type\" content=\"image\/jpeg\" \/>\n<meta name=\"twitter:card\" content=\"summary_large_image\" \/>\n<script type=\"application\/ld+json\" class=\"yoast-schema-graph\">{\"@context\":\"https:\/\/schema.org\",\"@graph\":[{\"@type\":\"WebSite\",\"@id\":\"https:\/\/mugardos.gal\/#website\",\"url\":\"https:\/\/mugardos.gal\/\",\"name\":\"Concello de Mugardos\",\"description\":\"\",\"potentialAction\":[{\"@type\":\"SearchAction\",\"target\":{\"@type\":\"EntryPoint\",\"urlTemplate\":\"https:\/\/mugardos.gal\/?s={search_term_string}\"},\"query-input\":\"required name=search_term_string\"}],\"inLanguage\":\"es\"},{\"@type\":\"ImageObject\",\"inLanguage\":\"es\",\"@id\":\"https:\/\/mugardos.gal\/es\/eventos\/conciertos-de-musica-coral\/#primaryimage\",\"url\":\"https:\/\/mugardos.gal\/wp-content\/uploads\/2024\/11\/Corales-scaled.jpg\",\"contentUrl\":\"https:\/\/mugardos.gal\/wp-content\/uploads\/2024\/11\/Corales-scaled.jpg\",\"width\":2560,\"height\":2560},{\"@type\":\"WebPage\",\"@id\":\"https:\/\/mugardos.gal\/es\/eventos\/conciertos-de-musica-coral\/#webpage\",\"url\":\"https:\/\/mugardos.gal\/es\/eventos\/conciertos-de-musica-coral\/\",\"name\":\"CONCIERTOS DE M\u00daSICA CORAL - Concello de Mugardos\",\"isPartOf\":{\"@id\":\"https:\/\/mugardos.gal\/#website\"},\"primaryImageOfPage\":{\"@id\":\"https:\/\/mugardos.gal\/es\/eventos\/conciertos-de-musica-coral\/#primaryimage\"},\"datePublished\":\"2024-11-13T12:45:30+00:00\",\"dateModified\":\"2024-11-13T12:45:30+00:00\",\"breadcrumb\":{\"@id\":\"https:\/\/mugardos.gal\/es\/eventos\/conciertos-de-musica-coral\/#breadcrumb\"},\"inLanguage\":\"es\",\"potentialAction\":[{\"@type\":\"ReadAction\",\"target\":[\"https:\/\/mugardos.gal\/es\/eventos\/conciertos-de-musica-coral\/\"]}]},{\"@type\":\"BreadcrumbList\",\"@id\":\"https:\/\/mugardos.gal\/es\/eventos\/conciertos-de-musica-coral\/#breadcrumb\",\"itemListElement\":[{\"@type\":\"ListItem\",\"position\":1,\"name\":\"Portada\",\"item\":\"https:\/\/mugardos.gal\/es\/\"},{\"@type\":\"ListItem\",\"position\":2,\"name\":\"EVENTOS\",\"item\":\"https:\/\/mugardos.gal\/eventos\/\"},{\"@type\":\"ListItem\",\"position\":3,\"name\":\"CONCIERTOS DE M\u00daSICA CORAL\"}]}]}<\/script>\n<!-- \/ Yoast SEO plugin. -->","yoast_head_json":{"title":"CONCIERTOS DE M\u00daSICA CORAL - Concello de Mugardos","robots":{"index":"index","follow":"follow","max-snippet":"max-snippet:-1","max-image-preview":"max-image-preview:large","max-video-preview":"max-video-preview:-1"},"canonical":"https:\/\/mugardos.gal\/es\/eventos\/conciertos-de-musica-coral\/","og_locale":"es_ES","og_type":"article","og_title":"CONCIERTOS DE M\u00daSICA CORAL - Concello de Mugardos","og_description":"ACTUACI\u00d3N DE LA CORAL ESTELAS DO MAR (MUGARDOS) Y DE LA RONDALLA ESTRELECER (FENE) EN LA SRCD SAN XO\u00c1N DE PI\u00d1EIRO, EL S\u00c1BADO 16 DE NOVIEMBRO A PARTIR DE LAS 19.00 HORAS, CON ENTRADA LIBRE.","og_url":"https:\/\/mugardos.gal\/es\/eventos\/conciertos-de-musica-coral\/","og_site_name":"Concello de Mugardos","og_image":[{"width":2560,"height":2560,"url":"https:\/\/mugardos.gal\/wp-content\/uploads\/2024\/11\/Corales-scaled.jpg","type":"image\/jpeg"}],"twitter_card":"summary_large_image","schema":{"@context":"https:\/\/schema.org","@graph":[{"@type":"WebSite","@id":"https:\/\/mugardos.gal\/#website","url":"https:\/\/mugardos.gal\/","name":"Concello de Mugardos","description":"","potentialAction":[{"@type":"SearchAction","target":{"@type":"EntryPoint","urlTemplate":"https:\/\/mugardos.gal\/?s={search_term_string}"},"query-input":"required name=search_term_string"}],"inLanguage":"es"},{"@type":"ImageObject","inLanguage":"es","@id":"https:\/\/mugardos.gal\/es\/eventos\/conciertos-de-musica-coral\/#primaryimage","url":"https:\/\/mugardos.gal\/wp-content\/uploads\/2024\/11\/Corales-scaled.jpg","contentUrl":"https:\/\/mugardos.gal\/wp-content\/uploads\/2024\/11\/Corales-scaled.jpg","width":2560,"height":2560},{"@type":"WebPage","@id":"https:\/\/mugardos.gal\/es\/eventos\/conciertos-de-musica-coral\/#webpage","url":"https:\/\/mugardos.gal\/es\/eventos\/conciertos-de-musica-coral\/","name":"CONCIERTOS DE M\u00daSICA CORAL - Concello de Mugardos","isPartOf":{"@id":"https:\/\/mugardos.gal\/#website"},"primaryImageOfPage":{"@id":"https:\/\/mugardos.gal\/es\/eventos\/conciertos-de-musica-coral\/#primaryimage"},"datePublished":"2024-11-13T12:45:30+00:00","dateModified":"2024-11-13T12:45:30+00:00","breadcrumb":{"@id":"https:\/\/mugardos.gal\/es\/eventos\/conciertos-de-musica-coral\/#breadcrumb"},"inLanguage":"es","potentialAction":[{"@type":"ReadAction","target":["https:\/\/mugardos.gal\/es\/eventos\/conciertos-de-musica-coral\/"]}]},{"@type":"BreadcrumbList","@id":"https:\/\/mugardos.gal\/es\/eventos\/conciertos-de-musica-coral\/#breadcrumb","itemListElement":[{"@type":"ListItem","position":1,"name":"Portada","item":"https:\/\/mugardos.gal\/es\/"},{"@type":"ListItem","position":2,"name":"EVENTOS","item":"https:\/\/mugardos.gal\/eventos\/"},{"@type":"ListItem","position":3,"name":"CONCIERTOS DE M\u00daSICA CORAL"}]}]}},"_links":{"self":[{"href":"https:\/\/mugardos.gal\/es\/wp-json\/wp\/v2\/lsvr_event\/22283"}],"collection":[{"href":"https:\/\/mugardos.gal\/es\/wp-json\/wp\/v2\/lsvr_event"}],"about":[{"href":"https:\/\/mugardos.gal\/es\/wp-json\/wp\/v2\/types\/lsvr_event"}],"author":[{"embeddable":true,"href":"https:\/\/mugardos.gal\/es\/wp-json\/wp\/v2\/users\/5"}],"version-history":[{"count":1,"href":"https:\/\/mugardos.gal\/es\/wp-json\/wp\/v2\/lsvr_event\/22283\/revisions"}],"predecessor-version":[{"id":22284,"href":"https:\/\/mugardos.gal\/es\/wp-json\/wp\/v2\/lsvr_event\/22283\/revisions\/22284"}],"wp:featuredmedia":[{"embeddable":true,"href":"https:\/\/mugardos.gal\/es\/wp-json\/wp\/v2\/media\/22281"}],"wp:attachment":[{"href":"https:\/\/mugardos.gal\/es\/wp-json\/wp\/v2\/media?parent=22283"}],"wp:term":[{"taxonomy":"lsvr_event_cat","embeddable":true,"href":"https:\/\/mugardos.gal\/es\/wp-json\/wp\/v2\/lsvr_event_cat?post=22283"},{"taxonomy":"lsvr_event_tag","embeddable":true,"href":"https:\/\/mugardos.gal\/es\/wp-json\/wp\/v2\/lsvr_event_tag?post=22283"}],"curies":[{"name":"wp","href":"https:\/\/api.w.org\/{rel}","templated":true}]}}

CONCIERTOS DE MÚSICA CORAL

<p>ACTUACIÓN DE LA CORAL ESTELAS DO MAR (MUGARDOS) Y DE LA RONDALLA ESTRELECER (FENE) EN LA SRCD SAN XOÁN DE PIÑEIRO, EL SÁBADO 16 DE NOVIEMBRO A PARTIR DE LAS 19.00 HORAS, CON ENTRADA LIBRE. </p>

<p>ACTUACIÓN DE LA CORAL ESTELAS DO MAR (MUGARDOS) Y DE LA RONDALLA ESTRELECER (FENE) EN LA SRCD SAN XOÁN DE PIÑEIRO, EL SÁBADO 16 DE NOVIEMBRO A PARTIR DE LAS 19.00 HORAS, CON ENTRADA LIBRE.</p>

<!-- This site is optimized with the Yoast SEO plugin v18.9 - https://yoast.com/wordpress/plugins/seo/ -->
<title>CONCIERTOS DE MÚSICA CORAL - Concello de Mugardos</title>
<meta name="robots" content="index, follow, max-snippet:-1, max-image-preview:large, max-video-preview:-1" />
<link rel="canonical" href="https://mugardos.gal/es/eventos/conciertos-de-musica-coral/" />
<meta property="og:locale" content="es_ES" />
<meta property="og:type" content="article" />
<meta property="og:title" content="CONCIERTOS DE MÚSICA CORAL - Concello de Mugardos" />
<meta property="og:description" content="ACTUACIÓN DE LA CORAL ESTELAS DO MAR (MUGARDOS) Y DE LA RONDALLA ESTRELECER (FENE) EN LA SRCD SAN XOÁN DE PIÑEIRO, EL SÁBADO 16 DE NOVIEMBRO A PARTIR DE LAS 19.00 HORAS, CON ENTRADA LIBRE." />
<meta property="og:url" content="https://mugardos.gal/es/eventos/conciertos-de-musica-coral/" />
<meta property="og:site_name" content="Concello de Mugardos" />
<meta property="og:image" content="https://mugardos.gal/wp-content/uploads/2024/11/Corales-scaled.jpg" />
	<meta property="og:image:width" content="2560" />
	<meta property="og:image:height" content="2560" />
	<meta property="og:image:type" content="image/jpeg" />
<meta name="twitter:card" content="summary_large_image" />
<script type="application/ld+json" class="yoast-schema-graph">{"@context":"https://schema.org","@graph":[{"@type":"WebSite","@id":"https://mugardos.gal/#website","url":"https://mugardos.gal/","name":"Concello de Mugardos","description":"","potentialAction":[{"@type":"SearchAction","target":{"@type":"EntryPoint","urlTemplate":"https://mugardos.gal/?s={search_term_string}"},"query-input":"required name=search_term_string"}],"inLanguage":"es"},{"@type":"ImageObject","inLanguage":"es","@id":"https://mugardos.gal/es/eventos/conciertos-de-musica-coral/#primaryimage","url":"https://mugardos.gal/wp-content/uploads/2024/11/Corales-scaled.jpg","contentUrl":"https://mugardos.gal/wp-content/uploads/2024/11/Corales-scaled.jpg","width":2560,"height":2560},{"@type":"WebPage","@id":"https://mugardos.gal/es/eventos/conciertos-de-musica-coral/#webpage","url":"https://mugardos.gal/es/eventos/conciertos-de-musica-coral/","name":"CONCIERTOS DE MÚSICA CORAL - Concello de Mugardos","isPartOf":{"@id":"https://mugardos.gal/#website"},"primaryImageOfPage":{"@id":"https://mugardos.gal/es/eventos/conciertos-de-musica-coral/#primaryimage"},"datePublished":"2024-11-13T12:45:30+00:00","dateModified":"2024-11-13T12:45:30+00:00","breadcrumb":{"@id":"https://mugardos.gal/es/eventos/conciertos-de-musica-coral/#breadcrumb"},"inLanguage":"es","potentialAction":[{"@type":"ReadAction","target":["https://mugardos.gal/es/eventos/conciertos-de-musica-coral/"]}]},{"@type":"BreadcrumbList","@id":"https://mugardos.gal/es/eventos/conciertos-de-musica-coral/#breadcrumb","itemListElement":[{"@type":"ListItem","position":1,"name":"Portada","item":"https://mugardos.gal/es/"},{"@type":"ListItem","position":2,"name":"EVENTOS","item":"https://mugardos.gal/eventos/"},{"@type":"ListItem","position":3,"name":"CONCIERTOS DE MÚSICA CORAL"}]}]}</script>
<!-- / Yoast SEO plugin. -->

CONCIERTOS DE MÚSICA CORAL - Concello de Mugardos

ACTUACIÓN DE LA CORAL ESTELAS DO MAR (MUGARDOS) Y DE LA RONDALLA ESTRELECER (FENE) EN LA SRCD SAN XOÁN DE PIÑEIRO, EL SÁBADO 16 DE NOVIEMBRO A PARTIR DE LAS 19.00 HORAS, CON ENTRADA LIBRE.
