{"id":21564,"date":"2024-06-25T14:37:52","date_gmt":"2024-06-25T12:37:52","guid":{"rendered":"https:\/\/mugardos.gal\/eventos\/festa-do-polbo\/"},"modified":"2025-02-20T13:11:44","modified_gmt":"2025-02-20T11:11:44","slug":"festa-do-polbo","status":"publish","type":"lsvr_event","link":"https:\/\/mugardos.gal\/es\/eventos\/festa-do-polbo\/","title":{"rendered":"FESTA DO POLBO"},"content":{"rendered":"\n<p>KILOMBEROS&#13;\nSalida desde la Avenida de Galicia, a partir de las 18.30h<\/p>\n\n<p>GRUPO INFANTIL: O FOLI\u00d3N DO ZAMP\u00d3N DE FANTOCHES BAJ&#13;\nCant\u00f3n de Cora, a partir de las 18.30h<\/p>\n\n<p>ORQUESTA JAQUE&#13;\nZona Casas Baratas, a partir de las 23.00h<\/p>\n\n<figure class=\"wp-block-image size-full\"><img loading=\"lazy\" width=\"334\" height=\"472\" src=\"https:\/\/mugardos.gal\/wp-content\/uploads\/2025\/02\/fPULPOmp.jpg\" alt=\"\" class=\"wp-image-22837\" srcset=\"https:\/\/mugardos.gal\/wp-content\/uploads\/2025\/02\/fPULPOmp.jpg 334w, https:\/\/mugardos.gal\/wp-content\/uploads\/2025\/02\/fPULPOmp-212x300.jpg 212w\" sizes=\"(max-width: 334px) 100vw, 334px\" \/><\/figure>\n\n<p><\/p>\n","protected":false},"excerpt":{"rendered":"<p>KILOMBEROS&#13; Salida desde la Avenida de Galicia, a partir de las 18.30h GRUPO INFANTIL: O FOLI\u00d3N DO ZAMP\u00d3N DE FANTOCHES BAJ&#13; Cant\u00f3n de Cora, a partir de las 18.30h ORQUESTA JAQUE&#13; Zona Casas Baratas, a partir de las 23.00h<\/p>\n","protected":false},"author":5,"featured_media":22839,"template":"","meta":[],"lsvr_event_cat":[69],"lsvr_event_tag":[],"yoast_head":"<!-- This site is optimized with the Yoast SEO plugin v18.9 - https:\/\/yoast.com\/wordpress\/plugins\/seo\/ -->\n<title>FESTA DO POLBO - Concello de Mugardos<\/title>\n<meta name=\"robots\" content=\"index, follow, max-snippet:-1, max-image-preview:large, max-video-preview:-1\" \/>\n<link rel=\"canonical\" href=\"https:\/\/mugardos.gal\/es\/eventos\/festa-do-polbo\/\" \/>\n<meta property=\"og:locale\" content=\"es_ES\" \/>\n<meta property=\"og:type\" content=\"article\" \/>\n<meta property=\"og:title\" content=\"FESTA DO POLBO - Concello de Mugardos\" \/>\n<meta property=\"og:description\" content=\"KILOMBEROS&#013; Salida desde la Avenida de Galicia, a partir de las 18.30h GRUPO INFANTIL: O FOLI\u00d3N DO ZAMP\u00d3N DE FANTOCHES BAJ&#013; Cant\u00f3n de Cora, a partir de las 18.30h ORQUESTA JAQUE&#013; Zona Casas Baratas, a partir de las 23.00h\" \/>\n<meta property=\"og:url\" content=\"https:\/\/mugardos.gal\/es\/eventos\/festa-do-polbo\/\" \/>\n<meta property=\"og:site_name\" content=\"Concello de Mugardos\" \/>\n<meta property=\"article:modified_time\" content=\"2025-02-20T11:11:44+00:00\" \/>\n<meta property=\"og:image\" content=\"https:\/\/mugardos.gal\/wp-content\/uploads\/2024\/06\/fPULPOmp.jpg\" \/>\n\t<meta property=\"og:image:width\" content=\"334\" \/>\n\t<meta property=\"og:image:height\" content=\"472\" \/>\n\t<meta property=\"og:image:type\" content=\"image\/jpeg\" \/>\n<meta name=\"twitter:card\" content=\"summary_large_image\" \/>\n<script type=\"application\/ld+json\" class=\"yoast-schema-graph\">{\"@context\":\"https:\/\/schema.org\",\"@graph\":[{\"@type\":\"WebSite\",\"@id\":\"https:\/\/mugardos.gal\/#website\",\"url\":\"https:\/\/mugardos.gal\/\",\"name\":\"Concello de Mugardos\",\"description\":\"\",\"potentialAction\":[{\"@type\":\"SearchAction\",\"target\":{\"@type\":\"EntryPoint\",\"urlTemplate\":\"https:\/\/mugardos.gal\/?s={search_term_string}\"},\"query-input\":\"required name=search_term_string\"}],\"inLanguage\":\"es\"},{\"@type\":\"ImageObject\",\"inLanguage\":\"es\",\"@id\":\"https:\/\/mugardos.gal\/es\/eventos\/festa-do-polbo\/#primaryimage\",\"url\":\"https:\/\/mugardos.gal\/wp-content\/uploads\/2024\/06\/fPULPOmp.jpg\",\"contentUrl\":\"https:\/\/mugardos.gal\/wp-content\/uploads\/2024\/06\/fPULPOmp.jpg\",\"width\":334,\"height\":472},{\"@type\":\"WebPage\",\"@id\":\"https:\/\/mugardos.gal\/es\/eventos\/festa-do-polbo\/#webpage\",\"url\":\"https:\/\/mugardos.gal\/es\/eventos\/festa-do-polbo\/\",\"name\":\"FESTA DO POLBO - Concello de Mugardos\",\"isPartOf\":{\"@id\":\"https:\/\/mugardos.gal\/#website\"},\"primaryImageOfPage\":{\"@id\":\"https:\/\/mugardos.gal\/es\/eventos\/festa-do-polbo\/#primaryimage\"},\"datePublished\":\"2024-06-25T12:37:52+00:00\",\"dateModified\":\"2025-02-20T11:11:44+00:00\",\"breadcrumb\":{\"@id\":\"https:\/\/mugardos.gal\/es\/eventos\/festa-do-polbo\/#breadcrumb\"},\"inLanguage\":\"es\",\"potentialAction\":[{\"@type\":\"ReadAction\",\"target\":[\"https:\/\/mugardos.gal\/es\/eventos\/festa-do-polbo\/\"]}]},{\"@type\":\"BreadcrumbList\",\"@id\":\"https:\/\/mugardos.gal\/es\/eventos\/festa-do-polbo\/#breadcrumb\",\"itemListElement\":[{\"@type\":\"ListItem\",\"position\":1,\"name\":\"Portada\",\"item\":\"https:\/\/mugardos.gal\/es\/\"},{\"@type\":\"ListItem\",\"position\":2,\"name\":\"EVENTOS\",\"item\":\"https:\/\/mugardos.gal\/eventos\/\"},{\"@type\":\"ListItem\",\"position\":3,\"name\":\"FESTA DO POLBO\"}]}]}<\/script>\n<!-- \/ Yoast SEO plugin. -->","yoast_head_json":{"title":"FESTA DO POLBO - Concello de Mugardos","robots":{"index":"index","follow":"follow","max-snippet":"max-snippet:-1","max-image-preview":"max-image-preview:large","max-video-preview":"max-video-preview:-1"},"canonical":"https:\/\/mugardos.gal\/es\/eventos\/festa-do-polbo\/","og_locale":"es_ES","og_type":"article","og_title":"FESTA DO POLBO - Concello de Mugardos","og_description":"KILOMBEROS&#13; Salida desde la Avenida de Galicia, a partir de las 18.30h GRUPO INFANTIL: O FOLI\u00d3N DO ZAMP\u00d3N DE FANTOCHES BAJ&#13; Cant\u00f3n de Cora, a partir de las 18.30h ORQUESTA JAQUE&#13; Zona Casas Baratas, a partir de las 23.00h","og_url":"https:\/\/mugardos.gal\/es\/eventos\/festa-do-polbo\/","og_site_name":"Concello de Mugardos","article_modified_time":"2025-02-20T11:11:44+00:00","og_image":[{"width":334,"height":472,"url":"https:\/\/mugardos.gal\/wp-content\/uploads\/2024\/06\/fPULPOmp.jpg","type":"image\/jpeg"}],"twitter_card":"summary_large_image","schema":{"@context":"https:\/\/schema.org","@graph":[{"@type":"WebSite","@id":"https:\/\/mugardos.gal\/#website","url":"https:\/\/mugardos.gal\/","name":"Concello de Mugardos","description":"","potentialAction":[{"@type":"SearchAction","target":{"@type":"EntryPoint","urlTemplate":"https:\/\/mugardos.gal\/?s={search_term_string}"},"query-input":"required name=search_term_string"}],"inLanguage":"es"},{"@type":"ImageObject","inLanguage":"es","@id":"https:\/\/mugardos.gal\/es\/eventos\/festa-do-polbo\/#primaryimage","url":"https:\/\/mugardos.gal\/wp-content\/uploads\/2024\/06\/fPULPOmp.jpg","contentUrl":"https:\/\/mugardos.gal\/wp-content\/uploads\/2024\/06\/fPULPOmp.jpg","width":334,"height":472},{"@type":"WebPage","@id":"https:\/\/mugardos.gal\/es\/eventos\/festa-do-polbo\/#webpage","url":"https:\/\/mugardos.gal\/es\/eventos\/festa-do-polbo\/","name":"FESTA DO POLBO - Concello de Mugardos","isPartOf":{"@id":"https:\/\/mugardos.gal\/#website"},"primaryImageOfPage":{"@id":"https:\/\/mugardos.gal\/es\/eventos\/festa-do-polbo\/#primaryimage"},"datePublished":"2024-06-25T12:37:52+00:00","dateModified":"2025-02-20T11:11:44+00:00","breadcrumb":{"@id":"https:\/\/mugardos.gal\/es\/eventos\/festa-do-polbo\/#breadcrumb"},"inLanguage":"es","potentialAction":[{"@type":"ReadAction","target":["https:\/\/mugardos.gal\/es\/eventos\/festa-do-polbo\/"]}]},{"@type":"BreadcrumbList","@id":"https:\/\/mugardos.gal\/es\/eventos\/festa-do-polbo\/#breadcrumb","itemListElement":[{"@type":"ListItem","position":1,"name":"Portada","item":"https:\/\/mugardos.gal\/es\/"},{"@type":"ListItem","position":2,"name":"EVENTOS","item":"https:\/\/mugardos.gal\/eventos\/"},{"@type":"ListItem","position":3,"name":"FESTA DO POLBO"}]}]}},"_links":{"self":[{"href":"https:\/\/mugardos.gal\/es\/wp-json\/wp\/v2\/lsvr_event\/21564"}],"collection":[{"href":"https:\/\/mugardos.gal\/es\/wp-json\/wp\/v2\/lsvr_event"}],"about":[{"href":"https:\/\/mugardos.gal\/es\/wp-json\/wp\/v2\/types\/lsvr_event"}],"author":[{"embeddable":true,"href":"https:\/\/mugardos.gal\/es\/wp-json\/wp\/v2\/users\/5"}],"version-history":[{"count":3,"href":"https:\/\/mugardos.gal\/es\/wp-json\/wp\/v2\/lsvr_event\/21564\/revisions"}],"predecessor-version":[{"id":22842,"href":"https:\/\/mugardos.gal\/es\/wp-json\/wp\/v2\/lsvr_event\/21564\/revisions\/22842"}],"wp:featuredmedia":[{"embeddable":true,"href":"https:\/\/mugardos.gal\/es\/wp-json\/wp\/v2\/media\/22839"}],"wp:attachment":[{"href":"https:\/\/mugardos.gal\/es\/wp-json\/wp\/v2\/media?parent=21564"}],"wp:term":[{"taxonomy":"lsvr_event_cat","embeddable":true,"href":"https:\/\/mugardos.gal\/es\/wp-json\/wp\/v2\/lsvr_event_cat?post=21564"},{"taxonomy":"lsvr_event_tag","embeddable":true,"href":"https:\/\/mugardos.gal\/es\/wp-json\/wp\/v2\/lsvr_event_tag?post=21564"}],"curies":[{"name":"wp","href":"https:\/\/api.w.org\/{rel}","templated":true}]}}

<p>KILOMBEROS&#13;
Salida desde la Avenida de Galicia, a partir de las 18.30h</p>

<p>GRUPO INFANTIL: O FOLIÓN DO ZAMPÓN DE FANTOCHES BAJ&#13;
Cantón de Cora, a partir de las 18.30h</p>

<p>ORQUESTA JAQUE&#13;
Zona Casas Baratas, a partir de las 23.00h</p>

<figure class="wp-block-image size-full"><img loading="lazy" width="334" height="472" src="https://mugardos.gal/wp-content/uploads/2025/02/fPULPOmp.jpg" alt="" class="wp-image-22837" srcset="https://mugardos.gal/wp-content/uploads/2025/02/fPULPOmp.jpg 334w, https://mugardos.gal/wp-content/uploads/2025/02/fPULPOmp-212x300.jpg 212w" sizes="(max-width: 334px) 100vw, 334px" /></figure>

<p></p>

<p>KILOMBEROS&#13; Salida desde la Avenida de Galicia, a partir de las 18.30h GRUPO INFANTIL: O FOLIÓN DO ZAMPÓN DE FANTOCHES BAJ&#13; Cantón de Cora, a partir de las 18.30h ORQUESTA JAQUE&#13; Zona Casas Baratas, a partir de las 23.00h</p>

<!-- This site is optimized with the Yoast SEO plugin v18.9 - https://yoast.com/wordpress/plugins/seo/ -->
<title>FESTA DO POLBO - Concello de Mugardos</title>
<meta name="robots" content="index, follow, max-snippet:-1, max-image-preview:large, max-video-preview:-1" />
<link rel="canonical" href="https://mugardos.gal/es/eventos/festa-do-polbo/" />
<meta property="og:locale" content="es_ES" />
<meta property="og:type" content="article" />
<meta property="og:title" content="FESTA DO POLBO - Concello de Mugardos" />
<meta property="og:description" content="KILOMBEROS&#013; Salida desde la Avenida de Galicia, a partir de las 18.30h GRUPO INFANTIL: O FOLIÓN DO ZAMPÓN DE FANTOCHES BAJ&#013; Cantón de Cora, a partir de las 18.30h ORQUESTA JAQUE&#013; Zona Casas Baratas, a partir de las 23.00h" />
<meta property="og:url" content="https://mugardos.gal/es/eventos/festa-do-polbo/" />
<meta property="og:site_name" content="Concello de Mugardos" />
<meta property="article:modified_time" content="2025-02-20T11:11:44+00:00" />
<meta property="og:image" content="https://mugardos.gal/wp-content/uploads/2024/06/fPULPOmp.jpg" />
	<meta property="og:image:width" content="334" />
	<meta property="og:image:height" content="472" />
	<meta property="og:image:type" content="image/jpeg" />
<meta name="twitter:card" content="summary_large_image" />
<script type="application/ld+json" class="yoast-schema-graph">{"@context":"https://schema.org","@graph":[{"@type":"WebSite","@id":"https://mugardos.gal/#website","url":"https://mugardos.gal/","name":"Concello de Mugardos","description":"","potentialAction":[{"@type":"SearchAction","target":{"@type":"EntryPoint","urlTemplate":"https://mugardos.gal/?s={search_term_string}"},"query-input":"required name=search_term_string"}],"inLanguage":"es"},{"@type":"ImageObject","inLanguage":"es","@id":"https://mugardos.gal/es/eventos/festa-do-polbo/#primaryimage","url":"https://mugardos.gal/wp-content/uploads/2024/06/fPULPOmp.jpg","contentUrl":"https://mugardos.gal/wp-content/uploads/2024/06/fPULPOmp.jpg","width":334,"height":472},{"@type":"WebPage","@id":"https://mugardos.gal/es/eventos/festa-do-polbo/#webpage","url":"https://mugardos.gal/es/eventos/festa-do-polbo/","name":"FESTA DO POLBO - Concello de Mugardos","isPartOf":{"@id":"https://mugardos.gal/#website"},"primaryImageOfPage":{"@id":"https://mugardos.gal/es/eventos/festa-do-polbo/#primaryimage"},"datePublished":"2024-06-25T12:37:52+00:00","dateModified":"2025-02-20T11:11:44+00:00","breadcrumb":{"@id":"https://mugardos.gal/es/eventos/festa-do-polbo/#breadcrumb"},"inLanguage":"es","potentialAction":[{"@type":"ReadAction","target":["https://mugardos.gal/es/eventos/festa-do-polbo/"]}]},{"@type":"BreadcrumbList","@id":"https://mugardos.gal/es/eventos/festa-do-polbo/#breadcrumb","itemListElement":[{"@type":"ListItem","position":1,"name":"Portada","item":"https://mugardos.gal/es/"},{"@type":"ListItem","position":2,"name":"EVENTOS","item":"https://mugardos.gal/eventos/"},{"@type":"ListItem","position":3,"name":"FESTA DO POLBO"}]}]}</script>
<!-- / Yoast SEO plugin. -->

KILOMBEROS&#13; Salida desde la Avenida de Galicia, a partir de las 18.30h GRUPO INFANTIL: O FOLIÓN DO ZAMPÓN DE FANTOCHES BAJ&#13; Cantón de Cora, a partir de las 18.30h ORQUESTA JAQUE&#13; Zona Casas Baratas, a partir de las 23.00h
