{"id":16983,"date":"2022-09-15T12:32:13","date_gmt":"2022-09-15T10:32:13","guid":{"rendered":"https:\/\/mugardos.gal\/eventos\/charla-viernes-de-consumo-responsable-la-vuelta-al-cole\/"},"modified":"2022-09-15T12:33:46","modified_gmt":"2022-09-15T10:33:46","slug":"charla-viernes-de-consumo-responsable-la-vuelta-al-cole","status":"publish","type":"lsvr_event","link":"https:\/\/mugardos.gal\/es\/eventos\/charla-viernes-de-consumo-responsable-la-vuelta-al-cole\/","title":{"rendered":"CHARLA VIERNES DE CONSUMO RESPONDE: LA VUELTA AL COLE"},"content":{"rendered":"\n<p><strong>Este viernes, 16 de septiembre, a las 12.30 se celebrar\u00e1 de nuevo a trav\u00e9s del aula virtual de consumo<\/strong>\u00a0una charla abierta sobre el consumo y nuestros derechos con la<strong>\u00a0VUELTA AL COLE.\u00a0<\/strong><\/p>\n\n<p>Haremos una peque\u00f1a exposici\u00f3n sobre los derechos que tenemos en este inicio de curso y responderemos a todas las dudas que teng\u00e1is en materia de consumo.<\/p>\n\n<p>Toda aquella persona que desee participar unicamente tiene que acceder este viernes a las 12.30.<\/p>\n\n<p><strong>Para participar:<\/strong><\/p>\n\n<ul><li>Entra en la web do IGCC:\u00a0<a href=\"https:\/\/consumo.xunta.gal\/gl\">https:\/\/consumo.xunta.gal\/gl<\/a><\/li><li>Pincha en la foto que ves en la p\u00e1gina principal a la izquierda que pone VIERNES DE CONSUMO<\/li><li>Ver\u00e1s que est\u00e1s en el aula de VIDEOCONFERENCIA, haz clic en el enlace para acceder a la misma.&#13;\nOJO! Si no tienes Webex instalado, haz clic en \u201c<em>\u00danase desde el navegador<\/em>\u201c<\/li><li>UNIRSE A LA REUNI\u00d3N<\/li><\/ul>\n","protected":false},"excerpt":{"rendered":"<p>Este viernes, 16 de septiembre, a las 12.30 se celebrar\u00e1 de nuevo a trav\u00e9s del aula virtual de consumo\u00a0una charla abierta sobre el consumo y nuestros derechos con la\u00a0VUELTA AL COLE.\u00a0 Haremos una peque\u00f1a exposici\u00f3n sobre los derechos que tenemos en este inicio de curso y responderemos a todas las dudas que teng\u00e1is en materia [&hellip;]<\/p>\n","protected":false},"author":5,"featured_media":16976,"template":"","meta":[],"lsvr_event_cat":[70],"lsvr_event_tag":[],"yoast_head":"<!-- This site is optimized with the Yoast SEO plugin v18.9 - https:\/\/yoast.com\/wordpress\/plugins\/seo\/ -->\n<title>CHARLA VIERNES DE CONSUMO RESPONDE: LA VUELTA AL COLE - Concello de Mugardos<\/title>\n<meta name=\"robots\" content=\"index, follow, max-snippet:-1, max-image-preview:large, max-video-preview:-1\" \/>\n<link rel=\"canonical\" href=\"https:\/\/mugardos.gal\/es\/eventos\/charla-viernes-de-consumo-responsable-la-vuelta-al-cole\/\" \/>\n<meta property=\"og:locale\" content=\"es_ES\" \/>\n<meta property=\"og:type\" content=\"article\" \/>\n<meta property=\"og:title\" content=\"CHARLA VIERNES DE CONSUMO RESPONDE: LA VUELTA AL COLE - Concello de Mugardos\" \/>\n<meta property=\"og:description\" content=\"Este viernes, 16 de septiembre, a las 12.30 se celebrar\u00e1 de nuevo a trav\u00e9s del aula virtual de consumo\u00a0una charla abierta sobre el consumo y nuestros derechos con la\u00a0VUELTA AL COLE.\u00a0 Haremos una peque\u00f1a exposici\u00f3n sobre los derechos que tenemos en este inicio de curso y responderemos a todas las dudas que teng\u00e1is en materia [&hellip;]\" \/>\n<meta property=\"og:url\" content=\"https:\/\/mugardos.gal\/es\/eventos\/charla-viernes-de-consumo-responsable-la-vuelta-al-cole\/\" \/>\n<meta property=\"og:site_name\" content=\"Concello de Mugardos\" \/>\n<meta property=\"article:modified_time\" content=\"2022-09-15T10:33:46+00:00\" \/>\n<meta property=\"og:image\" content=\"https:\/\/mugardos.gal\/wp-content\/uploads\/2022\/09\/A-VOLTA-AO-COLE-copia.png\" \/>\n\t<meta property=\"og:image:width\" content=\"986\" \/>\n\t<meta property=\"og:image:height\" content=\"870\" \/>\n\t<meta property=\"og:image:type\" content=\"image\/png\" \/>\n<meta name=\"twitter:card\" content=\"summary_large_image\" \/>\n<meta name=\"twitter:label1\" content=\"Tiempo de lectura\" \/>\n\t<meta name=\"twitter:data1\" content=\"1 minuto\" \/>\n<script type=\"application\/ld+json\" class=\"yoast-schema-graph\">{\"@context\":\"https:\/\/schema.org\",\"@graph\":[{\"@type\":\"WebSite\",\"@id\":\"https:\/\/mugardos.gal\/#website\",\"url\":\"https:\/\/mugardos.gal\/\",\"name\":\"Concello de Mugardos\",\"description\":\"\",\"potentialAction\":[{\"@type\":\"SearchAction\",\"target\":{\"@type\":\"EntryPoint\",\"urlTemplate\":\"https:\/\/mugardos.gal\/?s={search_term_string}\"},\"query-input\":\"required name=search_term_string\"}],\"inLanguage\":\"es\"},{\"@type\":\"ImageObject\",\"inLanguage\":\"es\",\"@id\":\"https:\/\/mugardos.gal\/es\/eventos\/charla-viernes-de-consumo-responsable-la-vuelta-al-cole\/#primaryimage\",\"url\":\"https:\/\/mugardos.gal\/wp-content\/uploads\/2022\/09\/A-VOLTA-AO-COLE-copia.png\",\"contentUrl\":\"https:\/\/mugardos.gal\/wp-content\/uploads\/2022\/09\/A-VOLTA-AO-COLE-copia.png\",\"width\":986,\"height\":870},{\"@type\":\"WebPage\",\"@id\":\"https:\/\/mugardos.gal\/es\/eventos\/charla-viernes-de-consumo-responsable-la-vuelta-al-cole\/#webpage\",\"url\":\"https:\/\/mugardos.gal\/es\/eventos\/charla-viernes-de-consumo-responsable-la-vuelta-al-cole\/\",\"name\":\"CHARLA VIERNES DE CONSUMO RESPONDE: LA VUELTA AL COLE - Concello de Mugardos\",\"isPartOf\":{\"@id\":\"https:\/\/mugardos.gal\/#website\"},\"primaryImageOfPage\":{\"@id\":\"https:\/\/mugardos.gal\/es\/eventos\/charla-viernes-de-consumo-responsable-la-vuelta-al-cole\/#primaryimage\"},\"datePublished\":\"2022-09-15T10:32:13+00:00\",\"dateModified\":\"2022-09-15T10:33:46+00:00\",\"breadcrumb\":{\"@id\":\"https:\/\/mugardos.gal\/es\/eventos\/charla-viernes-de-consumo-responsable-la-vuelta-al-cole\/#breadcrumb\"},\"inLanguage\":\"es\",\"potentialAction\":[{\"@type\":\"ReadAction\",\"target\":[\"https:\/\/mugardos.gal\/es\/eventos\/charla-viernes-de-consumo-responsable-la-vuelta-al-cole\/\"]}]},{\"@type\":\"BreadcrumbList\",\"@id\":\"https:\/\/mugardos.gal\/es\/eventos\/charla-viernes-de-consumo-responsable-la-vuelta-al-cole\/#breadcrumb\",\"itemListElement\":[{\"@type\":\"ListItem\",\"position\":1,\"name\":\"Portada\",\"item\":\"https:\/\/mugardos.gal\/es\/\"},{\"@type\":\"ListItem\",\"position\":2,\"name\":\"EVENTOS\",\"item\":\"https:\/\/mugardos.gal\/eventos\/\"},{\"@type\":\"ListItem\",\"position\":3,\"name\":\"CHARLA VIERNES DE CONSUMO RESPONDE: LA VUELTA AL COLE\"}]}]}<\/script>\n<!-- \/ Yoast SEO plugin. -->","yoast_head_json":{"title":"CHARLA VIERNES DE CONSUMO RESPONDE: LA VUELTA AL COLE - Concello de Mugardos","robots":{"index":"index","follow":"follow","max-snippet":"max-snippet:-1","max-image-preview":"max-image-preview:large","max-video-preview":"max-video-preview:-1"},"canonical":"https:\/\/mugardos.gal\/es\/eventos\/charla-viernes-de-consumo-responsable-la-vuelta-al-cole\/","og_locale":"es_ES","og_type":"article","og_title":"CHARLA VIERNES DE CONSUMO RESPONDE: LA VUELTA AL COLE - Concello de Mugardos","og_description":"Este viernes, 16 de septiembre, a las 12.30 se celebrar\u00e1 de nuevo a trav\u00e9s del aula virtual de consumo\u00a0una charla abierta sobre el consumo y nuestros derechos con la\u00a0VUELTA AL COLE.\u00a0 Haremos una peque\u00f1a exposici\u00f3n sobre los derechos que tenemos en este inicio de curso y responderemos a todas las dudas que teng\u00e1is en materia [&hellip;]","og_url":"https:\/\/mugardos.gal\/es\/eventos\/charla-viernes-de-consumo-responsable-la-vuelta-al-cole\/","og_site_name":"Concello de Mugardos","article_modified_time":"2022-09-15T10:33:46+00:00","og_image":[{"width":986,"height":870,"url":"https:\/\/mugardos.gal\/wp-content\/uploads\/2022\/09\/A-VOLTA-AO-COLE-copia.png","type":"image\/png"}],"twitter_card":"summary_large_image","twitter_misc":{"Tiempo de lectura":"1 minuto"},"schema":{"@context":"https:\/\/schema.org","@graph":[{"@type":"WebSite","@id":"https:\/\/mugardos.gal\/#website","url":"https:\/\/mugardos.gal\/","name":"Concello de Mugardos","description":"","potentialAction":[{"@type":"SearchAction","target":{"@type":"EntryPoint","urlTemplate":"https:\/\/mugardos.gal\/?s={search_term_string}"},"query-input":"required name=search_term_string"}],"inLanguage":"es"},{"@type":"ImageObject","inLanguage":"es","@id":"https:\/\/mugardos.gal\/es\/eventos\/charla-viernes-de-consumo-responsable-la-vuelta-al-cole\/#primaryimage","url":"https:\/\/mugardos.gal\/wp-content\/uploads\/2022\/09\/A-VOLTA-AO-COLE-copia.png","contentUrl":"https:\/\/mugardos.gal\/wp-content\/uploads\/2022\/09\/A-VOLTA-AO-COLE-copia.png","width":986,"height":870},{"@type":"WebPage","@id":"https:\/\/mugardos.gal\/es\/eventos\/charla-viernes-de-consumo-responsable-la-vuelta-al-cole\/#webpage","url":"https:\/\/mugardos.gal\/es\/eventos\/charla-viernes-de-consumo-responsable-la-vuelta-al-cole\/","name":"CHARLA VIERNES DE CONSUMO RESPONDE: LA VUELTA AL COLE - Concello de Mugardos","isPartOf":{"@id":"https:\/\/mugardos.gal\/#website"},"primaryImageOfPage":{"@id":"https:\/\/mugardos.gal\/es\/eventos\/charla-viernes-de-consumo-responsable-la-vuelta-al-cole\/#primaryimage"},"datePublished":"2022-09-15T10:32:13+00:00","dateModified":"2022-09-15T10:33:46+00:00","breadcrumb":{"@id":"https:\/\/mugardos.gal\/es\/eventos\/charla-viernes-de-consumo-responsable-la-vuelta-al-cole\/#breadcrumb"},"inLanguage":"es","potentialAction":[{"@type":"ReadAction","target":["https:\/\/mugardos.gal\/es\/eventos\/charla-viernes-de-consumo-responsable-la-vuelta-al-cole\/"]}]},{"@type":"BreadcrumbList","@id":"https:\/\/mugardos.gal\/es\/eventos\/charla-viernes-de-consumo-responsable-la-vuelta-al-cole\/#breadcrumb","itemListElement":[{"@type":"ListItem","position":1,"name":"Portada","item":"https:\/\/mugardos.gal\/es\/"},{"@type":"ListItem","position":2,"name":"EVENTOS","item":"https:\/\/mugardos.gal\/eventos\/"},{"@type":"ListItem","position":3,"name":"CHARLA VIERNES DE CONSUMO RESPONDE: LA VUELTA AL COLE"}]}]}},"_links":{"self":[{"href":"https:\/\/mugardos.gal\/es\/wp-json\/wp\/v2\/lsvr_event\/16983"}],"collection":[{"href":"https:\/\/mugardos.gal\/es\/wp-json\/wp\/v2\/lsvr_event"}],"about":[{"href":"https:\/\/mugardos.gal\/es\/wp-json\/wp\/v2\/types\/lsvr_event"}],"author":[{"embeddable":true,"href":"https:\/\/mugardos.gal\/es\/wp-json\/wp\/v2\/users\/5"}],"version-history":[{"count":2,"href":"https:\/\/mugardos.gal\/es\/wp-json\/wp\/v2\/lsvr_event\/16983\/revisions"}],"predecessor-version":[{"id":16986,"href":"https:\/\/mugardos.gal\/es\/wp-json\/wp\/v2\/lsvr_event\/16983\/revisions\/16986"}],"wp:featuredmedia":[{"embeddable":true,"href":"https:\/\/mugardos.gal\/es\/wp-json\/wp\/v2\/media\/16976"}],"wp:attachment":[{"href":"https:\/\/mugardos.gal\/es\/wp-json\/wp\/v2\/media?parent=16983"}],"wp:term":[{"taxonomy":"lsvr_event_cat","embeddable":true,"href":"https:\/\/mugardos.gal\/es\/wp-json\/wp\/v2\/lsvr_event_cat?post=16983"},{"taxonomy":"lsvr_event_tag","embeddable":true,"href":"https:\/\/mugardos.gal\/es\/wp-json\/wp\/v2\/lsvr_event_tag?post=16983"}],"curies":[{"name":"wp","href":"https:\/\/api.w.org\/{rel}","templated":true}]}}

<p><strong>Este viernes, 16 de septiembre, a las 12.30 se celebrará de nuevo a través del aula virtual de consumo</strong> una charla abierta sobre el consumo y nuestros derechos con la<strong> VUELTA AL COLE. </strong></p>

<p>Haremos una pequeña exposición sobre los derechos que tenemos en este inicio de curso y responderemos a todas las dudas que tengáis en materia de consumo.</p>

<p>Toda aquella persona que desee participar unicamente tiene que acceder este viernes a las 12.30.</p>

<p><strong>Para participar:</strong></p>

<ul><li>Entra en la web do IGCC: <a href="https://consumo.xunta.gal/gl">https://consumo.xunta.gal/gl</a></li><li>Pincha en la foto que ves en la página principal a la izquierda que pone VIERNES DE CONSUMO</li><li>Verás que estás en el aula de VIDEOCONFERENCIA, haz clic en el enlace para acceder a la misma.&#13;
OJO! Si no tienes Webex instalado, haz clic en “<em>Únase desde el navegador</em>“</li><li>UNIRSE A LA REUNIÓN</li></ul>

<p>Este viernes, 16 de septiembre, a las 12.30 se celebrará de nuevo a través del aula virtual de consumo una charla abierta sobre el consumo y nuestros derechos con la VUELTA AL COLE.  Haremos una pequeña exposición sobre los derechos que tenemos en este inicio de curso y responderemos a todas las dudas que tengáis en materia [&hellip;]</p>

<!-- This site is optimized with the Yoast SEO plugin v18.9 - https://yoast.com/wordpress/plugins/seo/ -->
<title>CHARLA VIERNES DE CONSUMO RESPONDE: LA VUELTA AL COLE - Concello de Mugardos</title>
<meta name="robots" content="index, follow, max-snippet:-1, max-image-preview:large, max-video-preview:-1" />
<link rel="canonical" href="https://mugardos.gal/es/eventos/charla-viernes-de-consumo-responsable-la-vuelta-al-cole/" />
<meta property="og:locale" content="es_ES" />
<meta property="og:type" content="article" />
<meta property="og:title" content="CHARLA VIERNES DE CONSUMO RESPONDE: LA VUELTA AL COLE - Concello de Mugardos" />
<meta property="og:description" content="Este viernes, 16 de septiembre, a las 12.30 se celebrará de nuevo a través del aula virtual de consumo una charla abierta sobre el consumo y nuestros derechos con la VUELTA AL COLE.  Haremos una pequeña exposición sobre los derechos que tenemos en este inicio de curso y responderemos a todas las dudas que tengáis en materia [&hellip;]" />
<meta property="og:url" content="https://mugardos.gal/es/eventos/charla-viernes-de-consumo-responsable-la-vuelta-al-cole/" />
<meta property="og:site_name" content="Concello de Mugardos" />
<meta property="article:modified_time" content="2022-09-15T10:33:46+00:00" />
<meta property="og:image" content="https://mugardos.gal/wp-content/uploads/2022/09/A-VOLTA-AO-COLE-copia.png" />
	<meta property="og:image:width" content="986" />
	<meta property="og:image:height" content="870" />
	<meta property="og:image:type" content="image/png" />
<meta name="twitter:card" content="summary_large_image" />
<meta name="twitter:label1" content="Tiempo de lectura" />
	<meta name="twitter:data1" content="1 minuto" />
<script type="application/ld+json" class="yoast-schema-graph">{"@context":"https://schema.org","@graph":[{"@type":"WebSite","@id":"https://mugardos.gal/#website","url":"https://mugardos.gal/","name":"Concello de Mugardos","description":"","potentialAction":[{"@type":"SearchAction","target":{"@type":"EntryPoint","urlTemplate":"https://mugardos.gal/?s={search_term_string}"},"query-input":"required name=search_term_string"}],"inLanguage":"es"},{"@type":"ImageObject","inLanguage":"es","@id":"https://mugardos.gal/es/eventos/charla-viernes-de-consumo-responsable-la-vuelta-al-cole/#primaryimage","url":"https://mugardos.gal/wp-content/uploads/2022/09/A-VOLTA-AO-COLE-copia.png","contentUrl":"https://mugardos.gal/wp-content/uploads/2022/09/A-VOLTA-AO-COLE-copia.png","width":986,"height":870},{"@type":"WebPage","@id":"https://mugardos.gal/es/eventos/charla-viernes-de-consumo-responsable-la-vuelta-al-cole/#webpage","url":"https://mugardos.gal/es/eventos/charla-viernes-de-consumo-responsable-la-vuelta-al-cole/","name":"CHARLA VIERNES DE CONSUMO RESPONDE: LA VUELTA AL COLE - Concello de Mugardos","isPartOf":{"@id":"https://mugardos.gal/#website"},"primaryImageOfPage":{"@id":"https://mugardos.gal/es/eventos/charla-viernes-de-consumo-responsable-la-vuelta-al-cole/#primaryimage"},"datePublished":"2022-09-15T10:32:13+00:00","dateModified":"2022-09-15T10:33:46+00:00","breadcrumb":{"@id":"https://mugardos.gal/es/eventos/charla-viernes-de-consumo-responsable-la-vuelta-al-cole/#breadcrumb"},"inLanguage":"es","potentialAction":[{"@type":"ReadAction","target":["https://mugardos.gal/es/eventos/charla-viernes-de-consumo-responsable-la-vuelta-al-cole/"]}]},{"@type":"BreadcrumbList","@id":"https://mugardos.gal/es/eventos/charla-viernes-de-consumo-responsable-la-vuelta-al-cole/#breadcrumb","itemListElement":[{"@type":"ListItem","position":1,"name":"Portada","item":"https://mugardos.gal/es/"},{"@type":"ListItem","position":2,"name":"EVENTOS","item":"https://mugardos.gal/eventos/"},{"@type":"ListItem","position":3,"name":"CHARLA VIERNES DE CONSUMO RESPONDE: LA VUELTA AL COLE"}]}]}</script>
<!-- / Yoast SEO plugin. -->

Este viernes, 16 de septiembre, a las 12.30 se celebrará de nuevo a través del aula virtual de consumo una charla abierta sobre el consumo y nuestros derechos con la VUELTA AL COLE.  Haremos una pequeña exposición sobre los derechos que tenemos en este inicio de curso y responderemos a todas las dudas que tengáis en materia [&hellip;]
