{"id":15144,"date":"2022-05-05T13:00:43","date_gmt":"2022-05-05T11:00:43","guid":{"rendered":"https:\/\/mugardos.gal\/eventos\/concierto-de-las-letras-galegas\/"},"modified":"2022-05-05T13:00:43","modified_gmt":"2022-05-05T11:00:43","slug":"concierto-de-las-letras-galegas","status":"publish","type":"lsvr_event","link":"https:\/\/mugardos.gal\/es\/eventos\/concierto-de-las-letras-galegas\/","title":{"rendered":"CONCIERTO DE LAS \u00abLETRAS GALEGAS\u00bb"},"content":{"rendered":"\n<p>El Concello de Mugardos, en el marco de la celebraci\u00f3n del d\u00eda de las \u00abLetras Galegas\u00bb dedicado en este 2022 al poeta valdeorr\u00e9s Florencio Delgado Gurriar\u00e1n, organiza la actuaci\u00f3n de la Coral \u00abEstrelas do Mar\u00bb y de la \u00abRondalla Mugardesa\u00bb a las 20.00 horas en el Casino Progreso de Franza.<\/p>\n\n<p><\/p>\n","protected":false},"excerpt":{"rendered":"<p>El Concello de Mugardos, en el marco de la celebraci\u00f3n del d\u00eda de las \u00abLetras Galegas\u00bb dedicado en este 2022 al poeta valdeorr\u00e9s Florencio Delgado Gurriar\u00e1n, organiza la actuaci\u00f3n de la Coral \u00abEstrelas do Mar\u00bb y de la \u00abRondalla Mugardesa\u00bb a las 20.00 horas en el Casino Progreso de Franza.<\/p>\n","protected":false},"author":5,"featured_media":15139,"template":"","meta":[],"lsvr_event_cat":[69],"lsvr_event_tag":[],"yoast_head":"<!-- This site is optimized with the Yoast SEO plugin v18.9 - https:\/\/yoast.com\/wordpress\/plugins\/seo\/ -->\n<title>CONCIERTO DE LAS &quot;LETRAS GALEGAS&quot; - Concello de Mugardos<\/title>\n<meta name=\"robots\" content=\"index, follow, max-snippet:-1, max-image-preview:large, max-video-preview:-1\" \/>\n<link rel=\"canonical\" href=\"https:\/\/mugardos.gal\/es\/eventos\/concierto-de-las-letras-galegas\/\" \/>\n<meta property=\"og:locale\" content=\"es_ES\" \/>\n<meta property=\"og:type\" content=\"article\" \/>\n<meta property=\"og:title\" content=\"CONCIERTO DE LAS &quot;LETRAS GALEGAS&quot; - Concello de Mugardos\" \/>\n<meta property=\"og:description\" content=\"El Concello de Mugardos, en el marco de la celebraci\u00f3n del d\u00eda de las \u00abLetras Galegas\u00bb dedicado en este 2022 al poeta valdeorr\u00e9s Florencio Delgado Gurriar\u00e1n, organiza la actuaci\u00f3n de la Coral \u00abEstrelas do Mar\u00bb y de la \u00abRondalla Mugardesa\u00bb a las 20.00 horas en el Casino Progreso de Franza.\" \/>\n<meta property=\"og:url\" content=\"https:\/\/mugardos.gal\/es\/eventos\/concierto-de-las-letras-galegas\/\" \/>\n<meta property=\"og:site_name\" content=\"Concello de Mugardos\" \/>\n<meta property=\"og:image\" content=\"https:\/\/mugardos.gal\/wp-content\/uploads\/2022\/05\/LETRAS-GALEGAS-2022_1-scaled.jpg\" \/>\n\t<meta property=\"og:image:width\" content=\"1811\" \/>\n\t<meta property=\"og:image:height\" content=\"2560\" \/>\n\t<meta property=\"og:image:type\" content=\"image\/jpeg\" \/>\n<meta name=\"twitter:card\" content=\"summary_large_image\" \/>\n<script type=\"application\/ld+json\" class=\"yoast-schema-graph\">{\"@context\":\"https:\/\/schema.org\",\"@graph\":[{\"@type\":\"WebSite\",\"@id\":\"https:\/\/mugardos.gal\/#website\",\"url\":\"https:\/\/mugardos.gal\/\",\"name\":\"Concello de Mugardos\",\"description\":\"\",\"potentialAction\":[{\"@type\":\"SearchAction\",\"target\":{\"@type\":\"EntryPoint\",\"urlTemplate\":\"https:\/\/mugardos.gal\/?s={search_term_string}\"},\"query-input\":\"required name=search_term_string\"}],\"inLanguage\":\"es\"},{\"@type\":\"ImageObject\",\"inLanguage\":\"es\",\"@id\":\"https:\/\/mugardos.gal\/es\/eventos\/concierto-de-las-letras-galegas\/#primaryimage\",\"url\":\"https:\/\/mugardos.gal\/wp-content\/uploads\/2022\/05\/LETRAS-GALEGAS-2022_1-scaled.jpg\",\"contentUrl\":\"https:\/\/mugardos.gal\/wp-content\/uploads\/2022\/05\/LETRAS-GALEGAS-2022_1-scaled.jpg\",\"width\":1811,\"height\":2560},{\"@type\":\"WebPage\",\"@id\":\"https:\/\/mugardos.gal\/es\/eventos\/concierto-de-las-letras-galegas\/#webpage\",\"url\":\"https:\/\/mugardos.gal\/es\/eventos\/concierto-de-las-letras-galegas\/\",\"name\":\"CONCIERTO DE LAS \\\"LETRAS GALEGAS\\\" - Concello de Mugardos\",\"isPartOf\":{\"@id\":\"https:\/\/mugardos.gal\/#website\"},\"primaryImageOfPage\":{\"@id\":\"https:\/\/mugardos.gal\/es\/eventos\/concierto-de-las-letras-galegas\/#primaryimage\"},\"datePublished\":\"2022-05-05T11:00:43+00:00\",\"dateModified\":\"2022-05-05T11:00:43+00:00\",\"breadcrumb\":{\"@id\":\"https:\/\/mugardos.gal\/es\/eventos\/concierto-de-las-letras-galegas\/#breadcrumb\"},\"inLanguage\":\"es\",\"potentialAction\":[{\"@type\":\"ReadAction\",\"target\":[\"https:\/\/mugardos.gal\/es\/eventos\/concierto-de-las-letras-galegas\/\"]}]},{\"@type\":\"BreadcrumbList\",\"@id\":\"https:\/\/mugardos.gal\/es\/eventos\/concierto-de-las-letras-galegas\/#breadcrumb\",\"itemListElement\":[{\"@type\":\"ListItem\",\"position\":1,\"name\":\"Portada\",\"item\":\"https:\/\/mugardos.gal\/es\/\"},{\"@type\":\"ListItem\",\"position\":2,\"name\":\"EVENTOS\",\"item\":\"https:\/\/mugardos.gal\/eventos\/\"},{\"@type\":\"ListItem\",\"position\":3,\"name\":\"CONCIERTO DE LAS &#8220;LETRAS GALEGAS&#8221;\"}]}]}<\/script>\n<!-- \/ Yoast SEO plugin. -->","yoast_head_json":{"title":"CONCIERTO DE LAS \"LETRAS GALEGAS\" - Concello de Mugardos","robots":{"index":"index","follow":"follow","max-snippet":"max-snippet:-1","max-image-preview":"max-image-preview:large","max-video-preview":"max-video-preview:-1"},"canonical":"https:\/\/mugardos.gal\/es\/eventos\/concierto-de-las-letras-galegas\/","og_locale":"es_ES","og_type":"article","og_title":"CONCIERTO DE LAS \"LETRAS GALEGAS\" - Concello de Mugardos","og_description":"El Concello de Mugardos, en el marco de la celebraci\u00f3n del d\u00eda de las \u00abLetras Galegas\u00bb dedicado en este 2022 al poeta valdeorr\u00e9s Florencio Delgado Gurriar\u00e1n, organiza la actuaci\u00f3n de la Coral \u00abEstrelas do Mar\u00bb y de la \u00abRondalla Mugardesa\u00bb a las 20.00 horas en el Casino Progreso de Franza.","og_url":"https:\/\/mugardos.gal\/es\/eventos\/concierto-de-las-letras-galegas\/","og_site_name":"Concello de Mugardos","og_image":[{"width":1811,"height":2560,"url":"https:\/\/mugardos.gal\/wp-content\/uploads\/2022\/05\/LETRAS-GALEGAS-2022_1-scaled.jpg","type":"image\/jpeg"}],"twitter_card":"summary_large_image","schema":{"@context":"https:\/\/schema.org","@graph":[{"@type":"WebSite","@id":"https:\/\/mugardos.gal\/#website","url":"https:\/\/mugardos.gal\/","name":"Concello de Mugardos","description":"","potentialAction":[{"@type":"SearchAction","target":{"@type":"EntryPoint","urlTemplate":"https:\/\/mugardos.gal\/?s={search_term_string}"},"query-input":"required name=search_term_string"}],"inLanguage":"es"},{"@type":"ImageObject","inLanguage":"es","@id":"https:\/\/mugardos.gal\/es\/eventos\/concierto-de-las-letras-galegas\/#primaryimage","url":"https:\/\/mugardos.gal\/wp-content\/uploads\/2022\/05\/LETRAS-GALEGAS-2022_1-scaled.jpg","contentUrl":"https:\/\/mugardos.gal\/wp-content\/uploads\/2022\/05\/LETRAS-GALEGAS-2022_1-scaled.jpg","width":1811,"height":2560},{"@type":"WebPage","@id":"https:\/\/mugardos.gal\/es\/eventos\/concierto-de-las-letras-galegas\/#webpage","url":"https:\/\/mugardos.gal\/es\/eventos\/concierto-de-las-letras-galegas\/","name":"CONCIERTO DE LAS \"LETRAS GALEGAS\" - Concello de Mugardos","isPartOf":{"@id":"https:\/\/mugardos.gal\/#website"},"primaryImageOfPage":{"@id":"https:\/\/mugardos.gal\/es\/eventos\/concierto-de-las-letras-galegas\/#primaryimage"},"datePublished":"2022-05-05T11:00:43+00:00","dateModified":"2022-05-05T11:00:43+00:00","breadcrumb":{"@id":"https:\/\/mugardos.gal\/es\/eventos\/concierto-de-las-letras-galegas\/#breadcrumb"},"inLanguage":"es","potentialAction":[{"@type":"ReadAction","target":["https:\/\/mugardos.gal\/es\/eventos\/concierto-de-las-letras-galegas\/"]}]},{"@type":"BreadcrumbList","@id":"https:\/\/mugardos.gal\/es\/eventos\/concierto-de-las-letras-galegas\/#breadcrumb","itemListElement":[{"@type":"ListItem","position":1,"name":"Portada","item":"https:\/\/mugardos.gal\/es\/"},{"@type":"ListItem","position":2,"name":"EVENTOS","item":"https:\/\/mugardos.gal\/eventos\/"},{"@type":"ListItem","position":3,"name":"CONCIERTO DE LAS &#8220;LETRAS GALEGAS&#8221;"}]}]}},"_links":{"self":[{"href":"https:\/\/mugardos.gal\/es\/wp-json\/wp\/v2\/lsvr_event\/15144"}],"collection":[{"href":"https:\/\/mugardos.gal\/es\/wp-json\/wp\/v2\/lsvr_event"}],"about":[{"href":"https:\/\/mugardos.gal\/es\/wp-json\/wp\/v2\/types\/lsvr_event"}],"author":[{"embeddable":true,"href":"https:\/\/mugardos.gal\/es\/wp-json\/wp\/v2\/users\/5"}],"version-history":[{"count":0,"href":"https:\/\/mugardos.gal\/es\/wp-json\/wp\/v2\/lsvr_event\/15144\/revisions"}],"wp:featuredmedia":[{"embeddable":true,"href":"https:\/\/mugardos.gal\/es\/wp-json\/wp\/v2\/media\/15139"}],"wp:attachment":[{"href":"https:\/\/mugardos.gal\/es\/wp-json\/wp\/v2\/media?parent=15144"}],"wp:term":[{"taxonomy":"lsvr_event_cat","embeddable":true,"href":"https:\/\/mugardos.gal\/es\/wp-json\/wp\/v2\/lsvr_event_cat?post=15144"},{"taxonomy":"lsvr_event_tag","embeddable":true,"href":"https:\/\/mugardos.gal\/es\/wp-json\/wp\/v2\/lsvr_event_tag?post=15144"}],"curies":[{"name":"wp","href":"https:\/\/api.w.org\/{rel}","templated":true}]}}

<p>El Concello de Mugardos, en el marco de la celebración del día de las «Letras Galegas» dedicado en este 2022 al poeta valdeorrés Florencio Delgado Gurriarán, organiza la actuación de la Coral «Estrelas do Mar» y de la «Rondalla Mugardesa» a las 20.00 horas en el Casino Progreso de Franza.</p>

<p></p>

<p>El Concello de Mugardos, en el marco de la celebración del día de las «Letras Galegas» dedicado en este 2022 al poeta valdeorrés Florencio Delgado Gurriarán, organiza la actuación de la Coral «Estrelas do Mar» y de la «Rondalla Mugardesa» a las 20.00 horas en el Casino Progreso de Franza.</p>

<!-- This site is optimized with the Yoast SEO plugin v18.9 - https://yoast.com/wordpress/plugins/seo/ -->
<title>CONCIERTO DE LAS &quot;LETRAS GALEGAS&quot; - Concello de Mugardos</title>
<meta name="robots" content="index, follow, max-snippet:-1, max-image-preview:large, max-video-preview:-1" />
<link rel="canonical" href="https://mugardos.gal/es/eventos/concierto-de-las-letras-galegas/" />
<meta property="og:locale" content="es_ES" />
<meta property="og:type" content="article" />
<meta property="og:title" content="CONCIERTO DE LAS &quot;LETRAS GALEGAS&quot; - Concello de Mugardos" />
<meta property="og:description" content="El Concello de Mugardos, en el marco de la celebración del día de las «Letras Galegas» dedicado en este 2022 al poeta valdeorrés Florencio Delgado Gurriarán, organiza la actuación de la Coral «Estrelas do Mar» y de la «Rondalla Mugardesa» a las 20.00 horas en el Casino Progreso de Franza." />
<meta property="og:url" content="https://mugardos.gal/es/eventos/concierto-de-las-letras-galegas/" />
<meta property="og:site_name" content="Concello de Mugardos" />
<meta property="og:image" content="https://mugardos.gal/wp-content/uploads/2022/05/LETRAS-GALEGAS-2022_1-scaled.jpg" />
	<meta property="og:image:width" content="1811" />
	<meta property="og:image:height" content="2560" />
	<meta property="og:image:type" content="image/jpeg" />
<meta name="twitter:card" content="summary_large_image" />
<script type="application/ld+json" class="yoast-schema-graph">{"@context":"https://schema.org","@graph":[{"@type":"WebSite","@id":"https://mugardos.gal/#website","url":"https://mugardos.gal/","name":"Concello de Mugardos","description":"","potentialAction":[{"@type":"SearchAction","target":{"@type":"EntryPoint","urlTemplate":"https://mugardos.gal/?s={search_term_string}"},"query-input":"required name=search_term_string"}],"inLanguage":"es"},{"@type":"ImageObject","inLanguage":"es","@id":"https://mugardos.gal/es/eventos/concierto-de-las-letras-galegas/#primaryimage","url":"https://mugardos.gal/wp-content/uploads/2022/05/LETRAS-GALEGAS-2022_1-scaled.jpg","contentUrl":"https://mugardos.gal/wp-content/uploads/2022/05/LETRAS-GALEGAS-2022_1-scaled.jpg","width":1811,"height":2560},{"@type":"WebPage","@id":"https://mugardos.gal/es/eventos/concierto-de-las-letras-galegas/#webpage","url":"https://mugardos.gal/es/eventos/concierto-de-las-letras-galegas/","name":"CONCIERTO DE LAS \"LETRAS GALEGAS\" - Concello de Mugardos","isPartOf":{"@id":"https://mugardos.gal/#website"},"primaryImageOfPage":{"@id":"https://mugardos.gal/es/eventos/concierto-de-las-letras-galegas/#primaryimage"},"datePublished":"2022-05-05T11:00:43+00:00","dateModified":"2022-05-05T11:00:43+00:00","breadcrumb":{"@id":"https://mugardos.gal/es/eventos/concierto-de-las-letras-galegas/#breadcrumb"},"inLanguage":"es","potentialAction":[{"@type":"ReadAction","target":["https://mugardos.gal/es/eventos/concierto-de-las-letras-galegas/"]}]},{"@type":"BreadcrumbList","@id":"https://mugardos.gal/es/eventos/concierto-de-las-letras-galegas/#breadcrumb","itemListElement":[{"@type":"ListItem","position":1,"name":"Portada","item":"https://mugardos.gal/es/"},{"@type":"ListItem","position":2,"name":"EVENTOS","item":"https://mugardos.gal/eventos/"},{"@type":"ListItem","position":3,"name":"CONCIERTO DE LAS &#8220;LETRAS GALEGAS&#8221;"}]}]}</script>
<!-- / Yoast SEO plugin. -->

El Concello de Mugardos, en el marco de la celebración del día de las «Letras Galegas» dedicado en este 2022 al poeta valdeorrés Florencio Delgado Gurriarán, organiza la actuación de la Coral «Estrelas do Mar» y de la «Rondalla Mugardesa» a las 20.00 horas en el Casino Progreso de Franza.
